{"id":9188,"date":"2022-04-05T07:03:05","date_gmt":"2022-04-05T05:03:05","guid":{"rendered":"https:\/\/emoble.es\/cubreradiadores\/lucern-con-cajones\/"},"modified":"2022-04-05T07:03:05","modified_gmt":"2022-04-05T05:03:05","slug":"lucern-con-cajones","status":"publish","type":"cubreradiadores","link":"https:\/\/emoble.es\/fr\/lucern-con-cajones\/","title":{"rendered":"Lucern con cajones"},"content":{"rendered":"<p>Le cache-radiateur avec tiroirs Lucern devient un meuble auxiliaire pratique, en pr\u00e9servant la l\u00e9g\u00e8ret\u00e9 qui caract\u00e9rise le design original. Le meuble peut \u00eatre fabriqu\u00e9 avec ou sans c\u00f4t\u00e9s, suspendu ou au sol.<\/p>\n<p>Ce cache-radiateur est fabriqu\u00e9 par des \u00e9b\u00e9nistes experts en MDF haute densit\u00e9, un mat\u00e9riau adapt\u00e9 pour r\u00e9sister aux changements de temp\u00e9rature. Nous pouvons le laquer dans l&rsquo;une des 210 couleurs de la gamme RAL ou le placage dans 10 essences de bois diff\u00e9rentes.<\/p>\n<p>Ce cache-radiateur peut \u00eatre r\u00e9alis\u00e9 sur mesure apr\u00e8s \u00e9valuation par notre \u00e9quipe technique. Selon les mesures et la finition, le prix variera.<\/p>\n<p>Tous nos meubles sont fabriqu\u00e9s une fois la finition choisie, nous n&rsquo;avons pas de stock. Nous fabriquons chaque meuble individuellement sur commande et tous les mat\u00e9riaux que nous utilisons sont acquis et transform\u00e9s en Espagne. Notre d\u00e9lai de livraison est de 40 jours ouvrables.<\/p>\n","protected":false},"featured_media":7705,"template":"","meta":{"inline_featured_image":false,"ngg_post_thumbnail":0},"categorias":[57],"class_list":["post-9188","cubreradiadores","type-cubreradiadores","status-publish","has-post-thumbnail","hentry","categorias-cubreradiadores-modernos-fr"],"yoast_head":"<!-- This site is optimized with the Yoast SEO plugin v27.4 - https:\/\/yoast.com\/product\/yoast-seo-wordpress\/ -->\n<title>Lucern con cajones - Emoble<\/title>\n<meta name=\"robots\" content=\"index, follow, max-snippet:-1, max-image-preview:large, max-video-preview:-1\" \/>\n<link rel=\"canonical\" href=\"https:\/\/emoble.es\/fr\/lucern-con-cajones\/\" \/>\n<meta property=\"og:locale\" content=\"fr_FR\" \/>\n<meta property=\"og:type\" content=\"article\" \/>\n<meta property=\"og:title\" content=\"Lucern con cajones - Emoble\" \/>\n<meta property=\"og:description\" content=\"Le cache-radiateur avec tiroirs Lucern devient un meuble auxiliaire pratique, en pr\u00e9servant la l\u00e9g\u00e8ret\u00e9 qui caract\u00e9rise le design original. Le meuble peut \u00eatre fabriqu\u00e9 avec ou sans c\u00f4t\u00e9s, suspendu ou au sol. Ce cache-radiateur est fabriqu\u00e9 par des \u00e9b\u00e9nistes experts en MDF haute densit\u00e9, un mat\u00e9riau adapt\u00e9 pour r\u00e9sister aux changements de temp\u00e9rature. Nous pouvons [&hellip;]\" \/>\n<meta property=\"og:url\" content=\"https:\/\/emoble.es\/fr\/lucern-con-cajones\/\" \/>\n<meta property=\"og:site_name\" content=\"Emoble\" \/>\n<meta name=\"twitter:card\" content=\"summary_large_image\" \/>\n<meta name=\"twitter:label1\" content=\"Dur\u00e9e de lecture estim\u00e9e\" \/>\n\t<meta name=\"twitter:data1\" content=\"1 minute\" \/>\n<script type=\"application\/ld+json\" class=\"yoast-schema-graph\">{\"@context\":\"https:\\\/\\\/schema.org\",\"@graph\":[{\"@type\":\"WebPage\",\"@id\":\"https:\\\/\\\/emoble.es\\\/fr\\\/lucern-con-cajones\\\/\",\"url\":\"https:\\\/\\\/emoble.es\\\/fr\\\/lucern-con-cajones\\\/\",\"name\":\"Lucern con cajones - Emoble\",\"isPartOf\":{\"@id\":\"https:\\\/\\\/emoble.es\\\/fr\\\/#website\"},\"primaryImageOfPage\":{\"@id\":\"https:\\\/\\\/emoble.es\\\/fr\\\/lucern-con-cajones\\\/#primaryimage\"},\"image\":{\"@id\":\"https:\\\/\\\/emoble.es\\\/fr\\\/lucern-con-cajones\\\/#primaryimage\"},\"thumbnailUrl\":\"https:\\\/\\\/emoble.es\\\/wp-content\\\/uploads\\\/2022\\\/04\\\/PRODUCTO-23-FOTO-1-Cubreradiador-Lucern-con-cajon-Emoble.png\",\"datePublished\":\"2022-04-05T05:03:05+00:00\",\"breadcrumb\":{\"@id\":\"https:\\\/\\\/emoble.es\\\/fr\\\/lucern-con-cajones\\\/#breadcrumb\"},\"inLanguage\":\"fr-FR\",\"potentialAction\":[{\"@type\":\"ReadAction\",\"target\":[\"https:\\\/\\\/emoble.es\\\/fr\\\/lucern-con-cajones\\\/\"]}]},{\"@type\":\"ImageObject\",\"inLanguage\":\"fr-FR\",\"@id\":\"https:\\\/\\\/emoble.es\\\/fr\\\/lucern-con-cajones\\\/#primaryimage\",\"url\":\"https:\\\/\\\/emoble.es\\\/wp-content\\\/uploads\\\/2022\\\/04\\\/PRODUCTO-23-FOTO-1-Cubreradiador-Lucern-con-cajon-Emoble.png\",\"contentUrl\":\"https:\\\/\\\/emoble.es\\\/wp-content\\\/uploads\\\/2022\\\/04\\\/PRODUCTO-23-FOTO-1-Cubreradiador-Lucern-con-cajon-Emoble.png\",\"width\":1536,\"height\":1281},{\"@type\":\"BreadcrumbList\",\"@id\":\"https:\\\/\\\/emoble.es\\\/fr\\\/lucern-con-cajones\\\/#breadcrumb\",\"itemListElement\":[{\"@type\":\"ListItem\",\"position\":1,\"name\":\"Portada\",\"item\":\"https:\\\/\\\/emoble.es\\\/fr\\\/couvertures-de-radiateur-personnalisees-en-ligne-emoble-es\\\/\"},{\"@type\":\"ListItem\",\"position\":2,\"name\":\"Cubreradiadores\",\"item\":\"https:\\\/\\\/emoble.es\\\/fr\\\/cubreradiadores\\\/\"},{\"@type\":\"ListItem\",\"position\":3,\"name\":\"Lucern con cajones\"}]},{\"@type\":\"WebSite\",\"@id\":\"https:\\\/\\\/emoble.es\\\/fr\\\/#website\",\"url\":\"https:\\\/\\\/emoble.es\\\/fr\\\/\",\"name\":\"Emoble\",\"description\":\"Cubreradiadores a medida online - Emoble.es\",\"publisher\":{\"@id\":\"https:\\\/\\\/emoble.es\\\/fr\\\/#organization\"},\"potentialAction\":[{\"@type\":\"SearchAction\",\"target\":{\"@type\":\"EntryPoint\",\"urlTemplate\":\"https:\\\/\\\/emoble.es\\\/fr\\\/?s={search_term_string}\"},\"query-input\":{\"@type\":\"PropertyValueSpecification\",\"valueRequired\":true,\"valueName\":\"search_term_string\"}}],\"inLanguage\":\"fr-FR\"},{\"@type\":\"Organization\",\"@id\":\"https:\\\/\\\/emoble.es\\\/fr\\\/#organization\",\"name\":\"Emoble\",\"url\":\"https:\\\/\\\/emoble.es\\\/fr\\\/\",\"logo\":{\"@type\":\"ImageObject\",\"inLanguage\":\"fr-FR\",\"@id\":\"https:\\\/\\\/emoble.es\\\/fr\\\/#\\\/schema\\\/logo\\\/image\\\/\",\"url\":\"https:\\\/\\\/emoble.es\\\/wp-content\\\/uploads\\\/2022\\\/03\\\/emoble_logo_positivo.svg\",\"contentUrl\":\"https:\\\/\\\/emoble.es\\\/wp-content\\\/uploads\\\/2022\\\/03\\\/emoble_logo_positivo.svg\",\"width\":486,\"height\":186,\"caption\":\"Emoble\"},\"image\":{\"@id\":\"https:\\\/\\\/emoble.es\\\/fr\\\/#\\\/schema\\\/logo\\\/image\\\/\"}}]}<\/script>\n<!-- \/ Yoast SEO plugin. -->","yoast_head_json":{"title":"Lucern con cajones - Emoble","robots":{"index":"index","follow":"follow","max-snippet":"max-snippet:-1","max-image-preview":"max-image-preview:large","max-video-preview":"max-video-preview:-1"},"canonical":"https:\/\/emoble.es\/fr\/lucern-con-cajones\/","og_locale":"fr_FR","og_type":"article","og_title":"Lucern con cajones - Emoble","og_description":"Le cache-radiateur avec tiroirs Lucern devient un meuble auxiliaire pratique, en pr\u00e9servant la l\u00e9g\u00e8ret\u00e9 qui caract\u00e9rise le design original. Le meuble peut \u00eatre fabriqu\u00e9 avec ou sans c\u00f4t\u00e9s, suspendu ou au sol. Ce cache-radiateur est fabriqu\u00e9 par des \u00e9b\u00e9nistes experts en MDF haute densit\u00e9, un mat\u00e9riau adapt\u00e9 pour r\u00e9sister aux changements de temp\u00e9rature. Nous pouvons [&hellip;]","og_url":"https:\/\/emoble.es\/fr\/lucern-con-cajones\/","og_site_name":"Emoble","twitter_card":"summary_large_image","twitter_misc":{"Dur\u00e9e de lecture estim\u00e9e":"1 minute"},"schema":{"@context":"https:\/\/schema.org","@graph":[{"@type":"WebPage","@id":"https:\/\/emoble.es\/fr\/lucern-con-cajones\/","url":"https:\/\/emoble.es\/fr\/lucern-con-cajones\/","name":"Lucern con cajones - Emoble","isPartOf":{"@id":"https:\/\/emoble.es\/fr\/#website"},"primaryImageOfPage":{"@id":"https:\/\/emoble.es\/fr\/lucern-con-cajones\/#primaryimage"},"image":{"@id":"https:\/\/emoble.es\/fr\/lucern-con-cajones\/#primaryimage"},"thumbnailUrl":"https:\/\/emoble.es\/wp-content\/uploads\/2022\/04\/PRODUCTO-23-FOTO-1-Cubreradiador-Lucern-con-cajon-Emoble.png","datePublished":"2022-04-05T05:03:05+00:00","breadcrumb":{"@id":"https:\/\/emoble.es\/fr\/lucern-con-cajones\/#breadcrumb"},"inLanguage":"fr-FR","potentialAction":[{"@type":"ReadAction","target":["https:\/\/emoble.es\/fr\/lucern-con-cajones\/"]}]},{"@type":"ImageObject","inLanguage":"fr-FR","@id":"https:\/\/emoble.es\/fr\/lucern-con-cajones\/#primaryimage","url":"https:\/\/emoble.es\/wp-content\/uploads\/2022\/04\/PRODUCTO-23-FOTO-1-Cubreradiador-Lucern-con-cajon-Emoble.png","contentUrl":"https:\/\/emoble.es\/wp-content\/uploads\/2022\/04\/PRODUCTO-23-FOTO-1-Cubreradiador-Lucern-con-cajon-Emoble.png","width":1536,"height":1281},{"@type":"BreadcrumbList","@id":"https:\/\/emoble.es\/fr\/lucern-con-cajones\/#breadcrumb","itemListElement":[{"@type":"ListItem","position":1,"name":"Portada","item":"https:\/\/emoble.es\/fr\/couvertures-de-radiateur-personnalisees-en-ligne-emoble-es\/"},{"@type":"ListItem","position":2,"name":"Cubreradiadores","item":"https:\/\/emoble.es\/fr\/cubreradiadores\/"},{"@type":"ListItem","position":3,"name":"Lucern con cajones"}]},{"@type":"WebSite","@id":"https:\/\/emoble.es\/fr\/#website","url":"https:\/\/emoble.es\/fr\/","name":"Emoble","description":"Cubreradiadores a medida online - Emoble.es","publisher":{"@id":"https:\/\/emoble.es\/fr\/#organization"},"potentialAction":[{"@type":"SearchAction","target":{"@type":"EntryPoint","urlTemplate":"https:\/\/emoble.es\/fr\/?s={search_term_string}"},"query-input":{"@type":"PropertyValueSpecification","valueRequired":true,"valueName":"search_term_string"}}],"inLanguage":"fr-FR"},{"@type":"Organization","@id":"https:\/\/emoble.es\/fr\/#organization","name":"Emoble","url":"https:\/\/emoble.es\/fr\/","logo":{"@type":"ImageObject","inLanguage":"fr-FR","@id":"https:\/\/emoble.es\/fr\/#\/schema\/logo\/image\/","url":"https:\/\/emoble.es\/wp-content\/uploads\/2022\/03\/emoble_logo_positivo.svg","contentUrl":"https:\/\/emoble.es\/wp-content\/uploads\/2022\/03\/emoble_logo_positivo.svg","width":486,"height":186,"caption":"Emoble"},"image":{"@id":"https:\/\/emoble.es\/fr\/#\/schema\/logo\/image\/"}}]}},"acf":[],"_links":{"self":[{"href":"https:\/\/emoble.es\/fr\/wp-json\/wp\/v2\/cubreradiadores\/9188","targetHints":{"allow":["GET"]}}],"collection":[{"href":"https:\/\/emoble.es\/fr\/wp-json\/wp\/v2\/cubreradiadores"}],"about":[{"href":"https:\/\/emoble.es\/fr\/wp-json\/wp\/v2\/types\/cubreradiadores"}],"version-history":[{"count":0,"href":"https:\/\/emoble.es\/fr\/wp-json\/wp\/v2\/cubreradiadores\/9188\/revisions"}],"wp:featuredmedia":[{"embeddable":true,"href":"https:\/\/emoble.es\/fr\/wp-json\/wp\/v2\/media\/7705"}],"wp:attachment":[{"href":"https:\/\/emoble.es\/fr\/wp-json\/wp\/v2\/media?parent=9188"}],"wp:term":[{"taxonomy":"categorias","embeddable":true,"href":"https:\/\/emoble.es\/fr\/wp-json\/wp\/v2\/categorias?post=9188"}],"curies":[{"name":"wp","href":"https:\/\/api.w.org\/{rel}","templated":true}]}}

<p>Le cache-radiateur avec tiroirs Lucern devient un meuble auxiliaire pratique, en préservant la légèreté qui caractérise le design original. Le meuble peut être fabriqué avec ou sans côtés, suspendu ou au sol.</p>
<p>Ce cache-radiateur est fabriqué par des ébénistes experts en MDF haute densité, un matériau adapté pour résister aux changements de température. Nous pouvons le laquer dans l&rsquo;une des 210 couleurs de la gamme RAL ou le placage dans 10 essences de bois différentes.</p>
<p>Ce cache-radiateur peut être réalisé sur mesure après évaluation par notre équipe technique. Selon les mesures et la finition, le prix variera.</p>
<p>Tous nos meubles sont fabriqués une fois la finition choisie, nous n&rsquo;avons pas de stock. Nous fabriquons chaque meuble individuellement sur commande et tous les matériaux que nous utilisons sont acquis et transformés en Espagne. Notre délai de livraison est de 40 jours ouvrables.</p>

<!-- This site is optimized with the Yoast SEO plugin v27.4 - https://yoast.com/product/yoast-seo-wordpress/ -->
<title>Lucern con cajones - Emoble</title>
<meta name="robots" content="index, follow, max-snippet:-1, max-image-preview:large, max-video-preview:-1" />
<link rel="canonical" href="https://emoble.es/fr/lucern-con-cajones/" />
<meta property="og:locale" content="fr_FR" />
<meta property="og:type" content="article" />
<meta property="og:title" content="Lucern con cajones - Emoble" />
<meta property="og:description" content="Le cache-radiateur avec tiroirs Lucern devient un meuble auxiliaire pratique, en préservant la légèreté qui caractérise le design original. Le meuble peut être fabriqué avec ou sans côtés, suspendu ou au sol. Ce cache-radiateur est fabriqué par des ébénistes experts en MDF haute densité, un matériau adapté pour résister aux changements de température. Nous pouvons [&hellip;]" />
<meta property="og:url" content="https://emoble.es/fr/lucern-con-cajones/" />
<meta property="og:site_name" content="Emoble" />
<meta name="twitter:card" content="summary_large_image" />
<meta name="twitter:label1" content="Durée de lecture estimée" />
	<meta name="twitter:data1" content="1 minute" />
<script type="application/ld+json" class="yoast-schema-graph">{"@context":"https:\/\/schema.org","@graph":[{"@type":"WebPage","@id":"https:\/\/emoble.es\/fr\/lucern-con-cajones\/","url":"https:\/\/emoble.es\/fr\/lucern-con-cajones\/","name":"Lucern con cajones - Emoble","isPartOf":{"@id":"https:\/\/emoble.es\/fr\/#website"},"primaryImageOfPage":{"@id":"https:\/\/emoble.es\/fr\/lucern-con-cajones\/#primaryimage"},"image":{"@id":"https:\/\/emoble.es\/fr\/lucern-con-cajones\/#primaryimage"},"thumbnailUrl":"https:\/\/emoble.es\/wp-content\/uploads\/2022\/04\/PRODUCTO-23-FOTO-1-Cubreradiador-Lucern-con-cajon-Emoble.png","datePublished":"2022-04-05T05:03:05+00:00","breadcrumb":{"@id":"https:\/\/emoble.es\/fr\/lucern-con-cajones\/#breadcrumb"},"inLanguage":"fr-FR","potentialAction":[{"@type":"ReadAction","target":["https:\/\/emoble.es\/fr\/lucern-con-cajones\/"]}]},{"@type":"ImageObject","inLanguage":"fr-FR","@id":"https:\/\/emoble.es\/fr\/lucern-con-cajones\/#primaryimage","url":"https:\/\/emoble.es\/wp-content\/uploads\/2022\/04\/PRODUCTO-23-FOTO-1-Cubreradiador-Lucern-con-cajon-Emoble.png","contentUrl":"https:\/\/emoble.es\/wp-content\/uploads\/2022\/04\/PRODUCTO-23-FOTO-1-Cubreradiador-Lucern-con-cajon-Emoble.png","width":1536,"height":1281},{"@type":"BreadcrumbList","@id":"https:\/\/emoble.es\/fr\/lucern-con-cajones\/#breadcrumb","itemListElement":[{"@type":"ListItem","position":1,"name":"Portada","item":"https:\/\/emoble.es\/fr\/couvertures-de-radiateur-personnalisees-en-ligne-emoble-es\/"},{"@type":"ListItem","position":2,"name":"Cubreradiadores","item":"https:\/\/emoble.es\/fr\/cubreradiadores\/"},{"@type":"ListItem","position":3,"name":"Lucern con cajones"}]},{"@type":"WebSite","@id":"https:\/\/emoble.es\/fr\/#website","url":"https:\/\/emoble.es\/fr\/","name":"Emoble","description":"Cubreradiadores a medida online - Emoble.es","publisher":{"@id":"https:\/\/emoble.es\/fr\/#organization"},"potentialAction":[{"@type":"SearchAction","target":{"@type":"EntryPoint","urlTemplate":"https:\/\/emoble.es\/fr\/?s={search_term_string}"},"query-input":{"@type":"PropertyValueSpecification","valueRequired":true,"valueName":"search_term_string"}}],"inLanguage":"fr-FR"},{"@type":"Organization","@id":"https:\/\/emoble.es\/fr\/#organization","name":"Emoble","url":"https:\/\/emoble.es\/fr\/","logo":{"@type":"ImageObject","inLanguage":"fr-FR","@id":"https:\/\/emoble.es\/fr\/#\/schema\/logo\/image\/","url":"https:\/\/emoble.es\/wp-content\/uploads\/2022\/03\/emoble_logo_positivo.svg","contentUrl":"https:\/\/emoble.es\/wp-content\/uploads\/2022\/03\/emoble_logo_positivo.svg","width":486,"height":186,"caption":"Emoble"},"image":{"@id":"https:\/\/emoble.es\/fr\/#\/schema\/logo\/image\/"}}]}</script>
<!-- / Yoast SEO plugin. -->

Le cache-radiateur avec tiroirs Lucern devient un meuble auxiliaire pratique, en préservant la légèreté qui caractérise le design original. Le meuble peut être fabriqué avec ou sans côtés, suspendu ou au sol. Ce cache-radiateur est fabriqué par des ébénistes experts en MDF haute densité, un matériau adapté pour résister aux changements de température. Nous pouvons [&hellip;]
