{"id":9183,"date":"2022-04-05T07:11:25","date_gmt":"2022-04-05T05:11:25","guid":{"rendered":"https:\/\/emoble.es\/cubreradiadores\/atempus\/"},"modified":"2022-04-05T07:11:25","modified_gmt":"2022-04-05T05:11:25","slug":"atempus","status":"publish","type":"cubreradiadores","link":"https:\/\/emoble.es\/fr\/atempus\/","title":{"rendered":"Atempus"},"content":{"rendered":"<p>Notre cache-radiateur Atempus est un mod\u00e8le d&rsquo;une beaut\u00e9 intemporelle indiscutable et sereine. Une pi\u00e8ce d&rsquo;\u00e9b\u00e9nisterie fine faite sur mesure, pour r\u00e9sister au passage du temps et s&rsquo;adapter aux changements esth\u00e9tiques introduits dans l&rsquo;environnement.<\/p>\n<p>Ce cache-radiateur classique est fabriqu\u00e9 individuellement par des \u00e9b\u00e9nistes experts, en MDF haute densit\u00e9 que nous laquons dans l&rsquo;une des 210 couleurs de la gamme RAL ou plaqu\u00e9 dans 10 essences de bois naturelles diff\u00e9rentes.<\/p>\n<p>Chaque cache-radiateur est fabriqu\u00e9 sur mesure apr\u00e8s \u00e9valuation par notre \u00e9quipe technique. Selon les mesures et la finition, le prix variera.<\/p>\n<p>Tous nos meubles sont fabriqu\u00e9s une fois la finition choisie, nous n&rsquo;avons pas de stock. Nous fabriquons chaque meuble individuellement sur commande et tous les mat\u00e9riaux que nous utilisons sont acquis et transform\u00e9s en Espagne. Notre d\u00e9lai de livraison est de 40 jours ouvrables.<\/p>\n","protected":false},"featured_media":7733,"template":"","meta":{"inline_featured_image":false,"ngg_post_thumbnail":0},"categorias":[55],"class_list":["post-9183","cubreradiadores","type-cubreradiadores","status-publish","has-post-thumbnail","hentry","categorias-cubreradiadores-clasicos-6-fr"],"yoast_head":"<!-- This site is optimized with the Yoast SEO plugin v27.4 - https:\/\/yoast.com\/product\/yoast-seo-wordpress\/ -->\n<title>Atempus - Emoble<\/title>\n<meta name=\"robots\" content=\"index, follow, max-snippet:-1, max-image-preview:large, max-video-preview:-1\" \/>\n<link rel=\"canonical\" href=\"https:\/\/emoble.es\/fr\/atempus\/\" \/>\n<meta property=\"og:locale\" content=\"fr_FR\" \/>\n<meta property=\"og:type\" content=\"article\" \/>\n<meta property=\"og:title\" content=\"Atempus - Emoble\" \/>\n<meta property=\"og:description\" content=\"Notre cache-radiateur Atempus est un mod\u00e8le d&rsquo;une beaut\u00e9 intemporelle indiscutable et sereine. Une pi\u00e8ce d&rsquo;\u00e9b\u00e9nisterie fine faite sur mesure, pour r\u00e9sister au passage du temps et s&rsquo;adapter aux changements esth\u00e9tiques introduits dans l&rsquo;environnement. Ce cache-radiateur classique est fabriqu\u00e9 individuellement par des \u00e9b\u00e9nistes experts, en MDF haute densit\u00e9 que nous laquons dans l&rsquo;une des 210 couleurs [&hellip;]\" \/>\n<meta property=\"og:url\" content=\"https:\/\/emoble.es\/fr\/atempus\/\" \/>\n<meta property=\"og:site_name\" content=\"Emoble\" \/>\n<meta name=\"twitter:card\" content=\"summary_large_image\" \/>\n<meta name=\"twitter:label1\" content=\"Dur\u00e9e de lecture estim\u00e9e\" \/>\n\t<meta name=\"twitter:data1\" content=\"1 minute\" \/>\n<script type=\"application\/ld+json\" class=\"yoast-schema-graph\">{\"@context\":\"https:\\\/\\\/schema.org\",\"@graph\":[{\"@type\":\"WebPage\",\"@id\":\"https:\\\/\\\/emoble.es\\\/fr\\\/atempus\\\/\",\"url\":\"https:\\\/\\\/emoble.es\\\/fr\\\/atempus\\\/\",\"name\":\"Atempus - Emoble\",\"isPartOf\":{\"@id\":\"https:\\\/\\\/emoble.es\\\/fr\\\/#website\"},\"primaryImageOfPage\":{\"@id\":\"https:\\\/\\\/emoble.es\\\/fr\\\/atempus\\\/#primaryimage\"},\"image\":{\"@id\":\"https:\\\/\\\/emoble.es\\\/fr\\\/atempus\\\/#primaryimage\"},\"thumbnailUrl\":\"https:\\\/\\\/emoble.es\\\/wp-content\\\/uploads\\\/2022\\\/04\\\/PRODUCTO-28-FOTO-1-Cubreradiador-Atempus-Emoble.png\",\"datePublished\":\"2022-04-05T05:11:25+00:00\",\"breadcrumb\":{\"@id\":\"https:\\\/\\\/emoble.es\\\/fr\\\/atempus\\\/#breadcrumb\"},\"inLanguage\":\"fr-FR\",\"potentialAction\":[{\"@type\":\"ReadAction\",\"target\":[\"https:\\\/\\\/emoble.es\\\/fr\\\/atempus\\\/\"]}]},{\"@type\":\"ImageObject\",\"inLanguage\":\"fr-FR\",\"@id\":\"https:\\\/\\\/emoble.es\\\/fr\\\/atempus\\\/#primaryimage\",\"url\":\"https:\\\/\\\/emoble.es\\\/wp-content\\\/uploads\\\/2022\\\/04\\\/PRODUCTO-28-FOTO-1-Cubreradiador-Atempus-Emoble.png\",\"contentUrl\":\"https:\\\/\\\/emoble.es\\\/wp-content\\\/uploads\\\/2022\\\/04\\\/PRODUCTO-28-FOTO-1-Cubreradiador-Atempus-Emoble.png\",\"width\":3433,\"height\":4292},{\"@type\":\"BreadcrumbList\",\"@id\":\"https:\\\/\\\/emoble.es\\\/fr\\\/atempus\\\/#breadcrumb\",\"itemListElement\":[{\"@type\":\"ListItem\",\"position\":1,\"name\":\"Portada\",\"item\":\"https:\\\/\\\/emoble.es\\\/fr\\\/couvertures-de-radiateur-personnalisees-en-ligne-emoble-es\\\/\"},{\"@type\":\"ListItem\",\"position\":2,\"name\":\"Cubreradiadores\",\"item\":\"https:\\\/\\\/emoble.es\\\/fr\\\/cubreradiadores\\\/\"},{\"@type\":\"ListItem\",\"position\":3,\"name\":\"Atempus\"}]},{\"@type\":\"WebSite\",\"@id\":\"https:\\\/\\\/emoble.es\\\/fr\\\/#website\",\"url\":\"https:\\\/\\\/emoble.es\\\/fr\\\/\",\"name\":\"Emoble\",\"description\":\"Cubreradiadores a medida online - Emoble.es\",\"publisher\":{\"@id\":\"https:\\\/\\\/emoble.es\\\/fr\\\/#organization\"},\"potentialAction\":[{\"@type\":\"SearchAction\",\"target\":{\"@type\":\"EntryPoint\",\"urlTemplate\":\"https:\\\/\\\/emoble.es\\\/fr\\\/?s={search_term_string}\"},\"query-input\":{\"@type\":\"PropertyValueSpecification\",\"valueRequired\":true,\"valueName\":\"search_term_string\"}}],\"inLanguage\":\"fr-FR\"},{\"@type\":\"Organization\",\"@id\":\"https:\\\/\\\/emoble.es\\\/fr\\\/#organization\",\"name\":\"Emoble\",\"url\":\"https:\\\/\\\/emoble.es\\\/fr\\\/\",\"logo\":{\"@type\":\"ImageObject\",\"inLanguage\":\"fr-FR\",\"@id\":\"https:\\\/\\\/emoble.es\\\/fr\\\/#\\\/schema\\\/logo\\\/image\\\/\",\"url\":\"https:\\\/\\\/emoble.es\\\/wp-content\\\/uploads\\\/2022\\\/03\\\/emoble_logo_positivo.svg\",\"contentUrl\":\"https:\\\/\\\/emoble.es\\\/wp-content\\\/uploads\\\/2022\\\/03\\\/emoble_logo_positivo.svg\",\"width\":486,\"height\":186,\"caption\":\"Emoble\"},\"image\":{\"@id\":\"https:\\\/\\\/emoble.es\\\/fr\\\/#\\\/schema\\\/logo\\\/image\\\/\"}}]}<\/script>\n<!-- \/ Yoast SEO plugin. -->","yoast_head_json":{"title":"Atempus - Emoble","robots":{"index":"index","follow":"follow","max-snippet":"max-snippet:-1","max-image-preview":"max-image-preview:large","max-video-preview":"max-video-preview:-1"},"canonical":"https:\/\/emoble.es\/fr\/atempus\/","og_locale":"fr_FR","og_type":"article","og_title":"Atempus - Emoble","og_description":"Notre cache-radiateur Atempus est un mod\u00e8le d&rsquo;une beaut\u00e9 intemporelle indiscutable et sereine. Une pi\u00e8ce d&rsquo;\u00e9b\u00e9nisterie fine faite sur mesure, pour r\u00e9sister au passage du temps et s&rsquo;adapter aux changements esth\u00e9tiques introduits dans l&rsquo;environnement. Ce cache-radiateur classique est fabriqu\u00e9 individuellement par des \u00e9b\u00e9nistes experts, en MDF haute densit\u00e9 que nous laquons dans l&rsquo;une des 210 couleurs [&hellip;]","og_url":"https:\/\/emoble.es\/fr\/atempus\/","og_site_name":"Emoble","twitter_card":"summary_large_image","twitter_misc":{"Dur\u00e9e de lecture estim\u00e9e":"1 minute"},"schema":{"@context":"https:\/\/schema.org","@graph":[{"@type":"WebPage","@id":"https:\/\/emoble.es\/fr\/atempus\/","url":"https:\/\/emoble.es\/fr\/atempus\/","name":"Atempus - Emoble","isPartOf":{"@id":"https:\/\/emoble.es\/fr\/#website"},"primaryImageOfPage":{"@id":"https:\/\/emoble.es\/fr\/atempus\/#primaryimage"},"image":{"@id":"https:\/\/emoble.es\/fr\/atempus\/#primaryimage"},"thumbnailUrl":"https:\/\/emoble.es\/wp-content\/uploads\/2022\/04\/PRODUCTO-28-FOTO-1-Cubreradiador-Atempus-Emoble.png","datePublished":"2022-04-05T05:11:25+00:00","breadcrumb":{"@id":"https:\/\/emoble.es\/fr\/atempus\/#breadcrumb"},"inLanguage":"fr-FR","potentialAction":[{"@type":"ReadAction","target":["https:\/\/emoble.es\/fr\/atempus\/"]}]},{"@type":"ImageObject","inLanguage":"fr-FR","@id":"https:\/\/emoble.es\/fr\/atempus\/#primaryimage","url":"https:\/\/emoble.es\/wp-content\/uploads\/2022\/04\/PRODUCTO-28-FOTO-1-Cubreradiador-Atempus-Emoble.png","contentUrl":"https:\/\/emoble.es\/wp-content\/uploads\/2022\/04\/PRODUCTO-28-FOTO-1-Cubreradiador-Atempus-Emoble.png","width":3433,"height":4292},{"@type":"BreadcrumbList","@id":"https:\/\/emoble.es\/fr\/atempus\/#breadcrumb","itemListElement":[{"@type":"ListItem","position":1,"name":"Portada","item":"https:\/\/emoble.es\/fr\/couvertures-de-radiateur-personnalisees-en-ligne-emoble-es\/"},{"@type":"ListItem","position":2,"name":"Cubreradiadores","item":"https:\/\/emoble.es\/fr\/cubreradiadores\/"},{"@type":"ListItem","position":3,"name":"Atempus"}]},{"@type":"WebSite","@id":"https:\/\/emoble.es\/fr\/#website","url":"https:\/\/emoble.es\/fr\/","name":"Emoble","description":"Cubreradiadores a medida online - Emoble.es","publisher":{"@id":"https:\/\/emoble.es\/fr\/#organization"},"potentialAction":[{"@type":"SearchAction","target":{"@type":"EntryPoint","urlTemplate":"https:\/\/emoble.es\/fr\/?s={search_term_string}"},"query-input":{"@type":"PropertyValueSpecification","valueRequired":true,"valueName":"search_term_string"}}],"inLanguage":"fr-FR"},{"@type":"Organization","@id":"https:\/\/emoble.es\/fr\/#organization","name":"Emoble","url":"https:\/\/emoble.es\/fr\/","logo":{"@type":"ImageObject","inLanguage":"fr-FR","@id":"https:\/\/emoble.es\/fr\/#\/schema\/logo\/image\/","url":"https:\/\/emoble.es\/wp-content\/uploads\/2022\/03\/emoble_logo_positivo.svg","contentUrl":"https:\/\/emoble.es\/wp-content\/uploads\/2022\/03\/emoble_logo_positivo.svg","width":486,"height":186,"caption":"Emoble"},"image":{"@id":"https:\/\/emoble.es\/fr\/#\/schema\/logo\/image\/"}}]}},"acf":[],"_links":{"self":[{"href":"https:\/\/emoble.es\/fr\/wp-json\/wp\/v2\/cubreradiadores\/9183","targetHints":{"allow":["GET"]}}],"collection":[{"href":"https:\/\/emoble.es\/fr\/wp-json\/wp\/v2\/cubreradiadores"}],"about":[{"href":"https:\/\/emoble.es\/fr\/wp-json\/wp\/v2\/types\/cubreradiadores"}],"version-history":[{"count":0,"href":"https:\/\/emoble.es\/fr\/wp-json\/wp\/v2\/cubreradiadores\/9183\/revisions"}],"wp:featuredmedia":[{"embeddable":true,"href":"https:\/\/emoble.es\/fr\/wp-json\/wp\/v2\/media\/7733"}],"wp:attachment":[{"href":"https:\/\/emoble.es\/fr\/wp-json\/wp\/v2\/media?parent=9183"}],"wp:term":[{"taxonomy":"categorias","embeddable":true,"href":"https:\/\/emoble.es\/fr\/wp-json\/wp\/v2\/categorias?post=9183"}],"curies":[{"name":"wp","href":"https:\/\/api.w.org\/{rel}","templated":true}]}}

<p>Notre cache-radiateur Atempus est un modèle d&rsquo;une beauté intemporelle indiscutable et sereine. Une pièce d&rsquo;ébénisterie fine faite sur mesure, pour résister au passage du temps et s&rsquo;adapter aux changements esthétiques introduits dans l&rsquo;environnement.</p>
<p>Ce cache-radiateur classique est fabriqué individuellement par des ébénistes experts, en MDF haute densité que nous laquons dans l&rsquo;une des 210 couleurs de la gamme RAL ou plaqué dans 10 essences de bois naturelles différentes.</p>
<p>Chaque cache-radiateur est fabriqué sur mesure après évaluation par notre équipe technique. Selon les mesures et la finition, le prix variera.</p>
<p>Tous nos meubles sont fabriqués une fois la finition choisie, nous n&rsquo;avons pas de stock. Nous fabriquons chaque meuble individuellement sur commande et tous les matériaux que nous utilisons sont acquis et transformés en Espagne. Notre délai de livraison est de 40 jours ouvrables.</p>

<!-- This site is optimized with the Yoast SEO plugin v27.4 - https://yoast.com/product/yoast-seo-wordpress/ -->
<title>Atempus - Emoble</title>
<meta name="robots" content="index, follow, max-snippet:-1, max-image-preview:large, max-video-preview:-1" />
<link rel="canonical" href="https://emoble.es/fr/atempus/" />
<meta property="og:locale" content="fr_FR" />
<meta property="og:type" content="article" />
<meta property="og:title" content="Atempus - Emoble" />
<meta property="og:description" content="Notre cache-radiateur Atempus est un modèle d&rsquo;une beauté intemporelle indiscutable et sereine. Une pièce d&rsquo;ébénisterie fine faite sur mesure, pour résister au passage du temps et s&rsquo;adapter aux changements esthétiques introduits dans l&rsquo;environnement. Ce cache-radiateur classique est fabriqué individuellement par des ébénistes experts, en MDF haute densité que nous laquons dans l&rsquo;une des 210 couleurs [&hellip;]" />
<meta property="og:url" content="https://emoble.es/fr/atempus/" />
<meta property="og:site_name" content="Emoble" />
<meta name="twitter:card" content="summary_large_image" />
<meta name="twitter:label1" content="Durée de lecture estimée" />
	<meta name="twitter:data1" content="1 minute" />
<script type="application/ld+json" class="yoast-schema-graph">{"@context":"https:\/\/schema.org","@graph":[{"@type":"WebPage","@id":"https:\/\/emoble.es\/fr\/atempus\/","url":"https:\/\/emoble.es\/fr\/atempus\/","name":"Atempus - Emoble","isPartOf":{"@id":"https:\/\/emoble.es\/fr\/#website"},"primaryImageOfPage":{"@id":"https:\/\/emoble.es\/fr\/atempus\/#primaryimage"},"image":{"@id":"https:\/\/emoble.es\/fr\/atempus\/#primaryimage"},"thumbnailUrl":"https:\/\/emoble.es\/wp-content\/uploads\/2022\/04\/PRODUCTO-28-FOTO-1-Cubreradiador-Atempus-Emoble.png","datePublished":"2022-04-05T05:11:25+00:00","breadcrumb":{"@id":"https:\/\/emoble.es\/fr\/atempus\/#breadcrumb"},"inLanguage":"fr-FR","potentialAction":[{"@type":"ReadAction","target":["https:\/\/emoble.es\/fr\/atempus\/"]}]},{"@type":"ImageObject","inLanguage":"fr-FR","@id":"https:\/\/emoble.es\/fr\/atempus\/#primaryimage","url":"https:\/\/emoble.es\/wp-content\/uploads\/2022\/04\/PRODUCTO-28-FOTO-1-Cubreradiador-Atempus-Emoble.png","contentUrl":"https:\/\/emoble.es\/wp-content\/uploads\/2022\/04\/PRODUCTO-28-FOTO-1-Cubreradiador-Atempus-Emoble.png","width":3433,"height":4292},{"@type":"BreadcrumbList","@id":"https:\/\/emoble.es\/fr\/atempus\/#breadcrumb","itemListElement":[{"@type":"ListItem","position":1,"name":"Portada","item":"https:\/\/emoble.es\/fr\/couvertures-de-radiateur-personnalisees-en-ligne-emoble-es\/"},{"@type":"ListItem","position":2,"name":"Cubreradiadores","item":"https:\/\/emoble.es\/fr\/cubreradiadores\/"},{"@type":"ListItem","position":3,"name":"Atempus"}]},{"@type":"WebSite","@id":"https:\/\/emoble.es\/fr\/#website","url":"https:\/\/emoble.es\/fr\/","name":"Emoble","description":"Cubreradiadores a medida online - Emoble.es","publisher":{"@id":"https:\/\/emoble.es\/fr\/#organization"},"potentialAction":[{"@type":"SearchAction","target":{"@type":"EntryPoint","urlTemplate":"https:\/\/emoble.es\/fr\/?s={search_term_string}"},"query-input":{"@type":"PropertyValueSpecification","valueRequired":true,"valueName":"search_term_string"}}],"inLanguage":"fr-FR"},{"@type":"Organization","@id":"https:\/\/emoble.es\/fr\/#organization","name":"Emoble","url":"https:\/\/emoble.es\/fr\/","logo":{"@type":"ImageObject","inLanguage":"fr-FR","@id":"https:\/\/emoble.es\/fr\/#\/schema\/logo\/image\/","url":"https:\/\/emoble.es\/wp-content\/uploads\/2022\/03\/emoble_logo_positivo.svg","contentUrl":"https:\/\/emoble.es\/wp-content\/uploads\/2022\/03\/emoble_logo_positivo.svg","width":486,"height":186,"caption":"Emoble"},"image":{"@id":"https:\/\/emoble.es\/fr\/#\/schema\/logo\/image\/"}}]}</script>
<!-- / Yoast SEO plugin. -->

Notre cache-radiateur Atempus est un modèle d&rsquo;une beauté intemporelle indiscutable et sereine. Une pièce d&rsquo;ébénisterie fine faite sur mesure, pour résister au passage du temps et s&rsquo;adapter aux changements esthétiques introduits dans l&rsquo;environnement. Ce cache-radiateur classique est fabriqué individuellement par des ébénistes experts, en MDF haute densité que nous laquons dans l&rsquo;une des 210 couleurs [&hellip;]
