{"id":9178,"date":"2022-04-05T07:20:22","date_gmt":"2022-04-05T05:20:22","guid":{"rendered":"https:\/\/emoble.es\/cubreradiadores\/geometrico\/"},"modified":"2022-04-05T07:20:22","modified_gmt":"2022-04-05T05:20:22","slug":"geometrico","status":"publish","type":"cubreradiadores","link":"https:\/\/emoble.es\/fr\/geometrico\/","title":{"rendered":"Geom\u00e9trico"},"content":{"rendered":"<p>Le cache-radiateur Geometric est le choix de ceux qui appr\u00e9cient les lignes \u00e9pur\u00e9es et la g\u00e9om\u00e9trie parfaite. Ce mod\u00e8le, en raison de sa pr\u00e9sence solide, fonctionne comme meuble auxiliaire dans des espaces \u00e9troits tels que les couloirs, les petites salles, les distributeurs de pi\u00e8ces ou les paliers d&rsquo;escalier.<\/p>\n<p>Ce cache-radiateur classique est fabriqu\u00e9 individuellement par des \u00e9b\u00e9nistes experts, en MDF haute densit\u00e9 que nous laquons dans l&rsquo;une des 210 couleurs de la gamme RAL ou que nous pouvons placage dans 10 essences de bois diff\u00e9rentes.<\/p>\n<p>Chaque cache-radiateur est fabriqu\u00e9 sur mesure apr\u00e8s \u00e9valuation par notre \u00e9quipe technique. Selon les mesures et la finition, le prix variera.<\/p>\n<p>Tous nos meubles sont fabriqu\u00e9s une fois la finition choisie, nous n&rsquo;avons pas de stock. Nous fabriquons chaque meuble individuellement sur commande et tous les mat\u00e9riaux que nous utilisons sont acquis et transform\u00e9s en Espagne. Notre d\u00e9lai de livraison est de 40 jours ouvrables.<\/p>\n","protected":false},"featured_media":7773,"template":"","meta":{"inline_featured_image":false,"ngg_post_thumbnail":0},"categorias":[55],"class_list":["post-9178","cubreradiadores","type-cubreradiadores","status-publish","has-post-thumbnail","hentry","categorias-cubreradiadores-clasicos-6-fr"],"yoast_head":"<!-- This site is optimized with the Yoast SEO plugin v27.4 - https:\/\/yoast.com\/product\/yoast-seo-wordpress\/ -->\n<title>Geom\u00e9trico - Emoble<\/title>\n<meta name=\"robots\" content=\"index, follow, max-snippet:-1, max-image-preview:large, max-video-preview:-1\" \/>\n<link rel=\"canonical\" href=\"https:\/\/emoble.es\/fr\/geometrico\/\" \/>\n<meta property=\"og:locale\" content=\"fr_FR\" \/>\n<meta property=\"og:type\" content=\"article\" \/>\n<meta property=\"og:title\" content=\"Geom\u00e9trico - Emoble\" \/>\n<meta property=\"og:description\" content=\"Le cache-radiateur Geometric est le choix de ceux qui appr\u00e9cient les lignes \u00e9pur\u00e9es et la g\u00e9om\u00e9trie parfaite. Ce mod\u00e8le, en raison de sa pr\u00e9sence solide, fonctionne comme meuble auxiliaire dans des espaces \u00e9troits tels que les couloirs, les petites salles, les distributeurs de pi\u00e8ces ou les paliers d&rsquo;escalier. Ce cache-radiateur classique est fabriqu\u00e9 individuellement par [&hellip;]\" \/>\n<meta property=\"og:url\" content=\"https:\/\/emoble.es\/fr\/geometrico\/\" \/>\n<meta property=\"og:site_name\" content=\"Emoble\" \/>\n<meta name=\"twitter:card\" content=\"summary_large_image\" \/>\n<meta name=\"twitter:label1\" content=\"Dur\u00e9e de lecture estim\u00e9e\" \/>\n\t<meta name=\"twitter:data1\" content=\"1 minute\" \/>\n<script type=\"application\/ld+json\" class=\"yoast-schema-graph\">{\"@context\":\"https:\\\/\\\/schema.org\",\"@graph\":[{\"@type\":\"WebPage\",\"@id\":\"https:\\\/\\\/emoble.es\\\/fr\\\/geometrico\\\/\",\"url\":\"https:\\\/\\\/emoble.es\\\/fr\\\/geometrico\\\/\",\"name\":\"Geom\u00e9trico - Emoble\",\"isPartOf\":{\"@id\":\"https:\\\/\\\/emoble.es\\\/fr\\\/#website\"},\"primaryImageOfPage\":{\"@id\":\"https:\\\/\\\/emoble.es\\\/fr\\\/geometrico\\\/#primaryimage\"},\"image\":{\"@id\":\"https:\\\/\\\/emoble.es\\\/fr\\\/geometrico\\\/#primaryimage\"},\"thumbnailUrl\":\"https:\\\/\\\/emoble.es\\\/wp-content\\\/uploads\\\/2022\\\/04\\\/PRODUCTO-34-FOTO-1-Cubreradiador-Geometrico-Emoble.jpg\",\"datePublished\":\"2022-04-05T05:20:22+00:00\",\"breadcrumb\":{\"@id\":\"https:\\\/\\\/emoble.es\\\/fr\\\/geometrico\\\/#breadcrumb\"},\"inLanguage\":\"fr-FR\",\"potentialAction\":[{\"@type\":\"ReadAction\",\"target\":[\"https:\\\/\\\/emoble.es\\\/fr\\\/geometrico\\\/\"]}]},{\"@type\":\"ImageObject\",\"inLanguage\":\"fr-FR\",\"@id\":\"https:\\\/\\\/emoble.es\\\/fr\\\/geometrico\\\/#primaryimage\",\"url\":\"https:\\\/\\\/emoble.es\\\/wp-content\\\/uploads\\\/2022\\\/04\\\/PRODUCTO-34-FOTO-1-Cubreradiador-Geometrico-Emoble.jpg\",\"contentUrl\":\"https:\\\/\\\/emoble.es\\\/wp-content\\\/uploads\\\/2022\\\/04\\\/PRODUCTO-34-FOTO-1-Cubreradiador-Geometrico-Emoble.jpg\",\"width\":1024,\"height\":1344},{\"@type\":\"BreadcrumbList\",\"@id\":\"https:\\\/\\\/emoble.es\\\/fr\\\/geometrico\\\/#breadcrumb\",\"itemListElement\":[{\"@type\":\"ListItem\",\"position\":1,\"name\":\"Portada\",\"item\":\"https:\\\/\\\/emoble.es\\\/fr\\\/couvertures-de-radiateur-personnalisees-en-ligne-emoble-es\\\/\"},{\"@type\":\"ListItem\",\"position\":2,\"name\":\"Cubreradiadores\",\"item\":\"https:\\\/\\\/emoble.es\\\/fr\\\/cubreradiadores\\\/\"},{\"@type\":\"ListItem\",\"position\":3,\"name\":\"Geom\u00e9trico\"}]},{\"@type\":\"WebSite\",\"@id\":\"https:\\\/\\\/emoble.es\\\/fr\\\/#website\",\"url\":\"https:\\\/\\\/emoble.es\\\/fr\\\/\",\"name\":\"Emoble\",\"description\":\"Cubreradiadores a medida online - Emoble.es\",\"publisher\":{\"@id\":\"https:\\\/\\\/emoble.es\\\/fr\\\/#organization\"},\"potentialAction\":[{\"@type\":\"SearchAction\",\"target\":{\"@type\":\"EntryPoint\",\"urlTemplate\":\"https:\\\/\\\/emoble.es\\\/fr\\\/?s={search_term_string}\"},\"query-input\":{\"@type\":\"PropertyValueSpecification\",\"valueRequired\":true,\"valueName\":\"search_term_string\"}}],\"inLanguage\":\"fr-FR\"},{\"@type\":\"Organization\",\"@id\":\"https:\\\/\\\/emoble.es\\\/fr\\\/#organization\",\"name\":\"Emoble\",\"url\":\"https:\\\/\\\/emoble.es\\\/fr\\\/\",\"logo\":{\"@type\":\"ImageObject\",\"inLanguage\":\"fr-FR\",\"@id\":\"https:\\\/\\\/emoble.es\\\/fr\\\/#\\\/schema\\\/logo\\\/image\\\/\",\"url\":\"https:\\\/\\\/emoble.es\\\/wp-content\\\/uploads\\\/2022\\\/03\\\/emoble_logo_positivo.svg\",\"contentUrl\":\"https:\\\/\\\/emoble.es\\\/wp-content\\\/uploads\\\/2022\\\/03\\\/emoble_logo_positivo.svg\",\"width\":486,\"height\":186,\"caption\":\"Emoble\"},\"image\":{\"@id\":\"https:\\\/\\\/emoble.es\\\/fr\\\/#\\\/schema\\\/logo\\\/image\\\/\"}}]}<\/script>\n<!-- \/ Yoast SEO plugin. -->","yoast_head_json":{"title":"Geom\u00e9trico - Emoble","robots":{"index":"index","follow":"follow","max-snippet":"max-snippet:-1","max-image-preview":"max-image-preview:large","max-video-preview":"max-video-preview:-1"},"canonical":"https:\/\/emoble.es\/fr\/geometrico\/","og_locale":"fr_FR","og_type":"article","og_title":"Geom\u00e9trico - Emoble","og_description":"Le cache-radiateur Geometric est le choix de ceux qui appr\u00e9cient les lignes \u00e9pur\u00e9es et la g\u00e9om\u00e9trie parfaite. Ce mod\u00e8le, en raison de sa pr\u00e9sence solide, fonctionne comme meuble auxiliaire dans des espaces \u00e9troits tels que les couloirs, les petites salles, les distributeurs de pi\u00e8ces ou les paliers d&rsquo;escalier. Ce cache-radiateur classique est fabriqu\u00e9 individuellement par [&hellip;]","og_url":"https:\/\/emoble.es\/fr\/geometrico\/","og_site_name":"Emoble","twitter_card":"summary_large_image","twitter_misc":{"Dur\u00e9e de lecture estim\u00e9e":"1 minute"},"schema":{"@context":"https:\/\/schema.org","@graph":[{"@type":"WebPage","@id":"https:\/\/emoble.es\/fr\/geometrico\/","url":"https:\/\/emoble.es\/fr\/geometrico\/","name":"Geom\u00e9trico - Emoble","isPartOf":{"@id":"https:\/\/emoble.es\/fr\/#website"},"primaryImageOfPage":{"@id":"https:\/\/emoble.es\/fr\/geometrico\/#primaryimage"},"image":{"@id":"https:\/\/emoble.es\/fr\/geometrico\/#primaryimage"},"thumbnailUrl":"https:\/\/emoble.es\/wp-content\/uploads\/2022\/04\/PRODUCTO-34-FOTO-1-Cubreradiador-Geometrico-Emoble.jpg","datePublished":"2022-04-05T05:20:22+00:00","breadcrumb":{"@id":"https:\/\/emoble.es\/fr\/geometrico\/#breadcrumb"},"inLanguage":"fr-FR","potentialAction":[{"@type":"ReadAction","target":["https:\/\/emoble.es\/fr\/geometrico\/"]}]},{"@type":"ImageObject","inLanguage":"fr-FR","@id":"https:\/\/emoble.es\/fr\/geometrico\/#primaryimage","url":"https:\/\/emoble.es\/wp-content\/uploads\/2022\/04\/PRODUCTO-34-FOTO-1-Cubreradiador-Geometrico-Emoble.jpg","contentUrl":"https:\/\/emoble.es\/wp-content\/uploads\/2022\/04\/PRODUCTO-34-FOTO-1-Cubreradiador-Geometrico-Emoble.jpg","width":1024,"height":1344},{"@type":"BreadcrumbList","@id":"https:\/\/emoble.es\/fr\/geometrico\/#breadcrumb","itemListElement":[{"@type":"ListItem","position":1,"name":"Portada","item":"https:\/\/emoble.es\/fr\/couvertures-de-radiateur-personnalisees-en-ligne-emoble-es\/"},{"@type":"ListItem","position":2,"name":"Cubreradiadores","item":"https:\/\/emoble.es\/fr\/cubreradiadores\/"},{"@type":"ListItem","position":3,"name":"Geom\u00e9trico"}]},{"@type":"WebSite","@id":"https:\/\/emoble.es\/fr\/#website","url":"https:\/\/emoble.es\/fr\/","name":"Emoble","description":"Cubreradiadores a medida online - Emoble.es","publisher":{"@id":"https:\/\/emoble.es\/fr\/#organization"},"potentialAction":[{"@type":"SearchAction","target":{"@type":"EntryPoint","urlTemplate":"https:\/\/emoble.es\/fr\/?s={search_term_string}"},"query-input":{"@type":"PropertyValueSpecification","valueRequired":true,"valueName":"search_term_string"}}],"inLanguage":"fr-FR"},{"@type":"Organization","@id":"https:\/\/emoble.es\/fr\/#organization","name":"Emoble","url":"https:\/\/emoble.es\/fr\/","logo":{"@type":"ImageObject","inLanguage":"fr-FR","@id":"https:\/\/emoble.es\/fr\/#\/schema\/logo\/image\/","url":"https:\/\/emoble.es\/wp-content\/uploads\/2022\/03\/emoble_logo_positivo.svg","contentUrl":"https:\/\/emoble.es\/wp-content\/uploads\/2022\/03\/emoble_logo_positivo.svg","width":486,"height":186,"caption":"Emoble"},"image":{"@id":"https:\/\/emoble.es\/fr\/#\/schema\/logo\/image\/"}}]}},"acf":[],"_links":{"self":[{"href":"https:\/\/emoble.es\/fr\/wp-json\/wp\/v2\/cubreradiadores\/9178","targetHints":{"allow":["GET"]}}],"collection":[{"href":"https:\/\/emoble.es\/fr\/wp-json\/wp\/v2\/cubreradiadores"}],"about":[{"href":"https:\/\/emoble.es\/fr\/wp-json\/wp\/v2\/types\/cubreradiadores"}],"version-history":[{"count":0,"href":"https:\/\/emoble.es\/fr\/wp-json\/wp\/v2\/cubreradiadores\/9178\/revisions"}],"wp:featuredmedia":[{"embeddable":true,"href":"https:\/\/emoble.es\/fr\/wp-json\/wp\/v2\/media\/7773"}],"wp:attachment":[{"href":"https:\/\/emoble.es\/fr\/wp-json\/wp\/v2\/media?parent=9178"}],"wp:term":[{"taxonomy":"categorias","embeddable":true,"href":"https:\/\/emoble.es\/fr\/wp-json\/wp\/v2\/categorias?post=9178"}],"curies":[{"name":"wp","href":"https:\/\/api.w.org\/{rel}","templated":true}]}}

Geométrico

<p>Le cache-radiateur Geometric est le choix de ceux qui apprécient les lignes épurées et la géométrie parfaite. Ce modèle, en raison de sa présence solide, fonctionne comme meuble auxiliaire dans des espaces étroits tels que les couloirs, les petites salles, les distributeurs de pièces ou les paliers d&rsquo;escalier.</p>
<p>Ce cache-radiateur classique est fabriqué individuellement par des ébénistes experts, en MDF haute densité que nous laquons dans l&rsquo;une des 210 couleurs de la gamme RAL ou que nous pouvons placage dans 10 essences de bois différentes.</p>
<p>Chaque cache-radiateur est fabriqué sur mesure après évaluation par notre équipe technique. Selon les mesures et la finition, le prix variera.</p>
<p>Tous nos meubles sont fabriqués une fois la finition choisie, nous n&rsquo;avons pas de stock. Nous fabriquons chaque meuble individuellement sur commande et tous les matériaux que nous utilisons sont acquis et transformés en Espagne. Notre délai de livraison est de 40 jours ouvrables.</p>

<!-- This site is optimized with the Yoast SEO plugin v27.4 - https://yoast.com/product/yoast-seo-wordpress/ -->
<title>Geométrico - Emoble</title>
<meta name="robots" content="index, follow, max-snippet:-1, max-image-preview:large, max-video-preview:-1" />
<link rel="canonical" href="https://emoble.es/fr/geometrico/" />
<meta property="og:locale" content="fr_FR" />
<meta property="og:type" content="article" />
<meta property="og:title" content="Geométrico - Emoble" />
<meta property="og:description" content="Le cache-radiateur Geometric est le choix de ceux qui apprécient les lignes épurées et la géométrie parfaite. Ce modèle, en raison de sa présence solide, fonctionne comme meuble auxiliaire dans des espaces étroits tels que les couloirs, les petites salles, les distributeurs de pièces ou les paliers d&rsquo;escalier. Ce cache-radiateur classique est fabriqué individuellement par [&hellip;]" />
<meta property="og:url" content="https://emoble.es/fr/geometrico/" />
<meta property="og:site_name" content="Emoble" />
<meta name="twitter:card" content="summary_large_image" />
<meta name="twitter:label1" content="Durée de lecture estimée" />
	<meta name="twitter:data1" content="1 minute" />
<script type="application/ld+json" class="yoast-schema-graph">{"@context":"https:\/\/schema.org","@graph":[{"@type":"WebPage","@id":"https:\/\/emoble.es\/fr\/geometrico\/","url":"https:\/\/emoble.es\/fr\/geometrico\/","name":"Geométrico - Emoble","isPartOf":{"@id":"https:\/\/emoble.es\/fr\/#website"},"primaryImageOfPage":{"@id":"https:\/\/emoble.es\/fr\/geometrico\/#primaryimage"},"image":{"@id":"https:\/\/emoble.es\/fr\/geometrico\/#primaryimage"},"thumbnailUrl":"https:\/\/emoble.es\/wp-content\/uploads\/2022\/04\/PRODUCTO-34-FOTO-1-Cubreradiador-Geometrico-Emoble.jpg","datePublished":"2022-04-05T05:20:22+00:00","breadcrumb":{"@id":"https:\/\/emoble.es\/fr\/geometrico\/#breadcrumb"},"inLanguage":"fr-FR","potentialAction":[{"@type":"ReadAction","target":["https:\/\/emoble.es\/fr\/geometrico\/"]}]},{"@type":"ImageObject","inLanguage":"fr-FR","@id":"https:\/\/emoble.es\/fr\/geometrico\/#primaryimage","url":"https:\/\/emoble.es\/wp-content\/uploads\/2022\/04\/PRODUCTO-34-FOTO-1-Cubreradiador-Geometrico-Emoble.jpg","contentUrl":"https:\/\/emoble.es\/wp-content\/uploads\/2022\/04\/PRODUCTO-34-FOTO-1-Cubreradiador-Geometrico-Emoble.jpg","width":1024,"height":1344},{"@type":"BreadcrumbList","@id":"https:\/\/emoble.es\/fr\/geometrico\/#breadcrumb","itemListElement":[{"@type":"ListItem","position":1,"name":"Portada","item":"https:\/\/emoble.es\/fr\/couvertures-de-radiateur-personnalisees-en-ligne-emoble-es\/"},{"@type":"ListItem","position":2,"name":"Cubreradiadores","item":"https:\/\/emoble.es\/fr\/cubreradiadores\/"},{"@type":"ListItem","position":3,"name":"Geométrico"}]},{"@type":"WebSite","@id":"https:\/\/emoble.es\/fr\/#website","url":"https:\/\/emoble.es\/fr\/","name":"Emoble","description":"Cubreradiadores a medida online - Emoble.es","publisher":{"@id":"https:\/\/emoble.es\/fr\/#organization"},"potentialAction":[{"@type":"SearchAction","target":{"@type":"EntryPoint","urlTemplate":"https:\/\/emoble.es\/fr\/?s={search_term_string}"},"query-input":{"@type":"PropertyValueSpecification","valueRequired":true,"valueName":"search_term_string"}}],"inLanguage":"fr-FR"},{"@type":"Organization","@id":"https:\/\/emoble.es\/fr\/#organization","name":"Emoble","url":"https:\/\/emoble.es\/fr\/","logo":{"@type":"ImageObject","inLanguage":"fr-FR","@id":"https:\/\/emoble.es\/fr\/#\/schema\/logo\/image\/","url":"https:\/\/emoble.es\/wp-content\/uploads\/2022\/03\/emoble_logo_positivo.svg","contentUrl":"https:\/\/emoble.es\/wp-content\/uploads\/2022\/03\/emoble_logo_positivo.svg","width":486,"height":186,"caption":"Emoble"},"image":{"@id":"https:\/\/emoble.es\/fr\/#\/schema\/logo\/image\/"}}]}</script>
<!-- / Yoast SEO plugin. -->

Geométrico - Emoble

Le cache-radiateur Geometric est le choix de ceux qui apprécient les lignes épurées et la géométrie parfaite. Ce modèle, en raison de sa présence solide, fonctionne comme meuble auxiliaire dans des espaces étroits tels que les couloirs, les petites salles, les distributeurs de pièces ou les paliers d&rsquo;escalier. Ce cache-radiateur classique est fabriqué individuellement par [&hellip;]
