{"id":9177,"date":"2022-04-05T07:21:22","date_gmt":"2022-04-05T05:21:22","guid":{"rendered":"https:\/\/emoble.es\/cubreradiadores\/lliria\/"},"modified":"2022-04-05T07:21:22","modified_gmt":"2022-04-05T05:21:22","slug":"lliria","status":"publish","type":"cubreradiadores","link":"https:\/\/emoble.es\/fr\/lliria\/","title":{"rendered":"Ll\u00edria"},"content":{"rendered":"<p>Le cache-radiateur Lliria appara\u00eet classique ou moderne, selon la finition choisie par le client. Pour cette raison, il est id\u00e9al pour les pi\u00e8ces o\u00f9 la d\u00e9coration se configure petit \u00e0 petit au fil du temps, car c&rsquo;est un meuble qui va au-del\u00e0 des modes et des tendances.<\/p>\n<p>Ce cache-radiateur classique est fabriqu\u00e9 individuellement par des \u00e9b\u00e9nistes experts, en MDF haute densit\u00e9 que nous laquons dans l&rsquo;une des 210 couleurs de la gamme RAL ou que nous pouvons placage dans 10 essences de bois diff\u00e9rentes.<\/p>\n<p>Chaque cache-radiateur est fabriqu\u00e9 sur mesure apr\u00e8s \u00e9valuation par notre \u00e9quipe technique. Selon les mesures et la finition, le prix variera.<\/p>\n<p>Tous nos meubles sont fabriqu\u00e9s une fois la finition choisie, nous n&rsquo;avons pas de stock. Nous fabriquons chaque meuble individuellement sur commande et tous les mat\u00e9riaux que nous utilisons sont acquis et transform\u00e9s en Espagne. Notre d\u00e9lai de livraison est de 40 jours ouvrables.<\/p>\n","protected":false},"featured_media":7777,"template":"","meta":{"inline_featured_image":false,"ngg_post_thumbnail":0},"categorias":[55],"class_list":["post-9177","cubreradiadores","type-cubreradiadores","status-publish","has-post-thumbnail","hentry","categorias-cubreradiadores-clasicos-6-fr"],"yoast_head":"<!-- This site is optimized with the Yoast SEO plugin v27.4 - https:\/\/yoast.com\/product\/yoast-seo-wordpress\/ -->\n<title>Ll\u00edria - Emoble<\/title>\n<meta name=\"robots\" content=\"index, follow, max-snippet:-1, max-image-preview:large, max-video-preview:-1\" \/>\n<link rel=\"canonical\" href=\"https:\/\/emoble.es\/fr\/lliria\/\" \/>\n<meta property=\"og:locale\" content=\"fr_FR\" \/>\n<meta property=\"og:type\" content=\"article\" \/>\n<meta property=\"og:title\" content=\"Ll\u00edria - Emoble\" \/>\n<meta property=\"og:description\" content=\"Le cache-radiateur Lliria appara\u00eet classique ou moderne, selon la finition choisie par le client. Pour cette raison, il est id\u00e9al pour les pi\u00e8ces o\u00f9 la d\u00e9coration se configure petit \u00e0 petit au fil du temps, car c&rsquo;est un meuble qui va au-del\u00e0 des modes et des tendances. Ce cache-radiateur classique est fabriqu\u00e9 individuellement par des [&hellip;]\" \/>\n<meta property=\"og:url\" content=\"https:\/\/emoble.es\/fr\/lliria\/\" \/>\n<meta property=\"og:site_name\" content=\"Emoble\" \/>\n<meta name=\"twitter:card\" content=\"summary_large_image\" \/>\n<meta name=\"twitter:label1\" content=\"Dur\u00e9e de lecture estim\u00e9e\" \/>\n\t<meta name=\"twitter:data1\" content=\"1 minute\" \/>\n<script type=\"application\/ld+json\" class=\"yoast-schema-graph\">{\"@context\":\"https:\\\/\\\/schema.org\",\"@graph\":[{\"@type\":\"WebPage\",\"@id\":\"https:\\\/\\\/emoble.es\\\/fr\\\/lliria\\\/\",\"url\":\"https:\\\/\\\/emoble.es\\\/fr\\\/lliria\\\/\",\"name\":\"Ll\u00edria - Emoble\",\"isPartOf\":{\"@id\":\"https:\\\/\\\/emoble.es\\\/fr\\\/#website\"},\"primaryImageOfPage\":{\"@id\":\"https:\\\/\\\/emoble.es\\\/fr\\\/lliria\\\/#primaryimage\"},\"image\":{\"@id\":\"https:\\\/\\\/emoble.es\\\/fr\\\/lliria\\\/#primaryimage\"},\"thumbnailUrl\":\"https:\\\/\\\/emoble.es\\\/wp-content\\\/uploads\\\/2022\\\/04\\\/PRODUCTO-35-FOTO-1-Cubreradiador-Lliria-Emoble.png\",\"datePublished\":\"2022-04-05T05:21:22+00:00\",\"breadcrumb\":{\"@id\":\"https:\\\/\\\/emoble.es\\\/fr\\\/lliria\\\/#breadcrumb\"},\"inLanguage\":\"fr-FR\",\"potentialAction\":[{\"@type\":\"ReadAction\",\"target\":[\"https:\\\/\\\/emoble.es\\\/fr\\\/lliria\\\/\"]}]},{\"@type\":\"ImageObject\",\"inLanguage\":\"fr-FR\",\"@id\":\"https:\\\/\\\/emoble.es\\\/fr\\\/lliria\\\/#primaryimage\",\"url\":\"https:\\\/\\\/emoble.es\\\/wp-content\\\/uploads\\\/2022\\\/04\\\/PRODUCTO-35-FOTO-1-Cubreradiador-Lliria-Emoble.png\",\"contentUrl\":\"https:\\\/\\\/emoble.es\\\/wp-content\\\/uploads\\\/2022\\\/04\\\/PRODUCTO-35-FOTO-1-Cubreradiador-Lliria-Emoble.png\",\"width\":1344,\"height\":1009},{\"@type\":\"BreadcrumbList\",\"@id\":\"https:\\\/\\\/emoble.es\\\/fr\\\/lliria\\\/#breadcrumb\",\"itemListElement\":[{\"@type\":\"ListItem\",\"position\":1,\"name\":\"Portada\",\"item\":\"https:\\\/\\\/emoble.es\\\/fr\\\/couvertures-de-radiateur-personnalisees-en-ligne-emoble-es\\\/\"},{\"@type\":\"ListItem\",\"position\":2,\"name\":\"Cubreradiadores\",\"item\":\"https:\\\/\\\/emoble.es\\\/fr\\\/cubreradiadores\\\/\"},{\"@type\":\"ListItem\",\"position\":3,\"name\":\"Ll\u00edria\"}]},{\"@type\":\"WebSite\",\"@id\":\"https:\\\/\\\/emoble.es\\\/fr\\\/#website\",\"url\":\"https:\\\/\\\/emoble.es\\\/fr\\\/\",\"name\":\"Emoble\",\"description\":\"Cubreradiadores a medida online - Emoble.es\",\"publisher\":{\"@id\":\"https:\\\/\\\/emoble.es\\\/fr\\\/#organization\"},\"potentialAction\":[{\"@type\":\"SearchAction\",\"target\":{\"@type\":\"EntryPoint\",\"urlTemplate\":\"https:\\\/\\\/emoble.es\\\/fr\\\/?s={search_term_string}\"},\"query-input\":{\"@type\":\"PropertyValueSpecification\",\"valueRequired\":true,\"valueName\":\"search_term_string\"}}],\"inLanguage\":\"fr-FR\"},{\"@type\":\"Organization\",\"@id\":\"https:\\\/\\\/emoble.es\\\/fr\\\/#organization\",\"name\":\"Emoble\",\"url\":\"https:\\\/\\\/emoble.es\\\/fr\\\/\",\"logo\":{\"@type\":\"ImageObject\",\"inLanguage\":\"fr-FR\",\"@id\":\"https:\\\/\\\/emoble.es\\\/fr\\\/#\\\/schema\\\/logo\\\/image\\\/\",\"url\":\"https:\\\/\\\/emoble.es\\\/wp-content\\\/uploads\\\/2022\\\/03\\\/emoble_logo_positivo.svg\",\"contentUrl\":\"https:\\\/\\\/emoble.es\\\/wp-content\\\/uploads\\\/2022\\\/03\\\/emoble_logo_positivo.svg\",\"width\":486,\"height\":186,\"caption\":\"Emoble\"},\"image\":{\"@id\":\"https:\\\/\\\/emoble.es\\\/fr\\\/#\\\/schema\\\/logo\\\/image\\\/\"}}]}<\/script>\n<!-- \/ Yoast SEO plugin. -->","yoast_head_json":{"title":"Ll\u00edria - Emoble","robots":{"index":"index","follow":"follow","max-snippet":"max-snippet:-1","max-image-preview":"max-image-preview:large","max-video-preview":"max-video-preview:-1"},"canonical":"https:\/\/emoble.es\/fr\/lliria\/","og_locale":"fr_FR","og_type":"article","og_title":"Ll\u00edria - Emoble","og_description":"Le cache-radiateur Lliria appara\u00eet classique ou moderne, selon la finition choisie par le client. Pour cette raison, il est id\u00e9al pour les pi\u00e8ces o\u00f9 la d\u00e9coration se configure petit \u00e0 petit au fil du temps, car c&rsquo;est un meuble qui va au-del\u00e0 des modes et des tendances. Ce cache-radiateur classique est fabriqu\u00e9 individuellement par des [&hellip;]","og_url":"https:\/\/emoble.es\/fr\/lliria\/","og_site_name":"Emoble","twitter_card":"summary_large_image","twitter_misc":{"Dur\u00e9e de lecture estim\u00e9e":"1 minute"},"schema":{"@context":"https:\/\/schema.org","@graph":[{"@type":"WebPage","@id":"https:\/\/emoble.es\/fr\/lliria\/","url":"https:\/\/emoble.es\/fr\/lliria\/","name":"Ll\u00edria - Emoble","isPartOf":{"@id":"https:\/\/emoble.es\/fr\/#website"},"primaryImageOfPage":{"@id":"https:\/\/emoble.es\/fr\/lliria\/#primaryimage"},"image":{"@id":"https:\/\/emoble.es\/fr\/lliria\/#primaryimage"},"thumbnailUrl":"https:\/\/emoble.es\/wp-content\/uploads\/2022\/04\/PRODUCTO-35-FOTO-1-Cubreradiador-Lliria-Emoble.png","datePublished":"2022-04-05T05:21:22+00:00","breadcrumb":{"@id":"https:\/\/emoble.es\/fr\/lliria\/#breadcrumb"},"inLanguage":"fr-FR","potentialAction":[{"@type":"ReadAction","target":["https:\/\/emoble.es\/fr\/lliria\/"]}]},{"@type":"ImageObject","inLanguage":"fr-FR","@id":"https:\/\/emoble.es\/fr\/lliria\/#primaryimage","url":"https:\/\/emoble.es\/wp-content\/uploads\/2022\/04\/PRODUCTO-35-FOTO-1-Cubreradiador-Lliria-Emoble.png","contentUrl":"https:\/\/emoble.es\/wp-content\/uploads\/2022\/04\/PRODUCTO-35-FOTO-1-Cubreradiador-Lliria-Emoble.png","width":1344,"height":1009},{"@type":"BreadcrumbList","@id":"https:\/\/emoble.es\/fr\/lliria\/#breadcrumb","itemListElement":[{"@type":"ListItem","position":1,"name":"Portada","item":"https:\/\/emoble.es\/fr\/couvertures-de-radiateur-personnalisees-en-ligne-emoble-es\/"},{"@type":"ListItem","position":2,"name":"Cubreradiadores","item":"https:\/\/emoble.es\/fr\/cubreradiadores\/"},{"@type":"ListItem","position":3,"name":"Ll\u00edria"}]},{"@type":"WebSite","@id":"https:\/\/emoble.es\/fr\/#website","url":"https:\/\/emoble.es\/fr\/","name":"Emoble","description":"Cubreradiadores a medida online - Emoble.es","publisher":{"@id":"https:\/\/emoble.es\/fr\/#organization"},"potentialAction":[{"@type":"SearchAction","target":{"@type":"EntryPoint","urlTemplate":"https:\/\/emoble.es\/fr\/?s={search_term_string}"},"query-input":{"@type":"PropertyValueSpecification","valueRequired":true,"valueName":"search_term_string"}}],"inLanguage":"fr-FR"},{"@type":"Organization","@id":"https:\/\/emoble.es\/fr\/#organization","name":"Emoble","url":"https:\/\/emoble.es\/fr\/","logo":{"@type":"ImageObject","inLanguage":"fr-FR","@id":"https:\/\/emoble.es\/fr\/#\/schema\/logo\/image\/","url":"https:\/\/emoble.es\/wp-content\/uploads\/2022\/03\/emoble_logo_positivo.svg","contentUrl":"https:\/\/emoble.es\/wp-content\/uploads\/2022\/03\/emoble_logo_positivo.svg","width":486,"height":186,"caption":"Emoble"},"image":{"@id":"https:\/\/emoble.es\/fr\/#\/schema\/logo\/image\/"}}]}},"acf":[],"_links":{"self":[{"href":"https:\/\/emoble.es\/fr\/wp-json\/wp\/v2\/cubreradiadores\/9177","targetHints":{"allow":["GET"]}}],"collection":[{"href":"https:\/\/emoble.es\/fr\/wp-json\/wp\/v2\/cubreradiadores"}],"about":[{"href":"https:\/\/emoble.es\/fr\/wp-json\/wp\/v2\/types\/cubreradiadores"}],"version-history":[{"count":0,"href":"https:\/\/emoble.es\/fr\/wp-json\/wp\/v2\/cubreradiadores\/9177\/revisions"}],"wp:featuredmedia":[{"embeddable":true,"href":"https:\/\/emoble.es\/fr\/wp-json\/wp\/v2\/media\/7777"}],"wp:attachment":[{"href":"https:\/\/emoble.es\/fr\/wp-json\/wp\/v2\/media?parent=9177"}],"wp:term":[{"taxonomy":"categorias","embeddable":true,"href":"https:\/\/emoble.es\/fr\/wp-json\/wp\/v2\/categorias?post=9177"}],"curies":[{"name":"wp","href":"https:\/\/api.w.org\/{rel}","templated":true}]}}

Llíria

<p>Le cache-radiateur Lliria apparaît classique ou moderne, selon la finition choisie par le client. Pour cette raison, il est idéal pour les pièces où la décoration se configure petit à petit au fil du temps, car c&rsquo;est un meuble qui va au-delà des modes et des tendances.</p>
<p>Ce cache-radiateur classique est fabriqué individuellement par des ébénistes experts, en MDF haute densité que nous laquons dans l&rsquo;une des 210 couleurs de la gamme RAL ou que nous pouvons placage dans 10 essences de bois différentes.</p>
<p>Chaque cache-radiateur est fabriqué sur mesure après évaluation par notre équipe technique. Selon les mesures et la finition, le prix variera.</p>
<p>Tous nos meubles sont fabriqués une fois la finition choisie, nous n&rsquo;avons pas de stock. Nous fabriquons chaque meuble individuellement sur commande et tous les matériaux que nous utilisons sont acquis et transformés en Espagne. Notre délai de livraison est de 40 jours ouvrables.</p>

<!-- This site is optimized with the Yoast SEO plugin v27.4 - https://yoast.com/product/yoast-seo-wordpress/ -->
<title>Llíria - Emoble</title>
<meta name="robots" content="index, follow, max-snippet:-1, max-image-preview:large, max-video-preview:-1" />
<link rel="canonical" href="https://emoble.es/fr/lliria/" />
<meta property="og:locale" content="fr_FR" />
<meta property="og:type" content="article" />
<meta property="og:title" content="Llíria - Emoble" />
<meta property="og:description" content="Le cache-radiateur Lliria apparaît classique ou moderne, selon la finition choisie par le client. Pour cette raison, il est idéal pour les pièces où la décoration se configure petit à petit au fil du temps, car c&rsquo;est un meuble qui va au-delà des modes et des tendances. Ce cache-radiateur classique est fabriqué individuellement par des [&hellip;]" />
<meta property="og:url" content="https://emoble.es/fr/lliria/" />
<meta property="og:site_name" content="Emoble" />
<meta name="twitter:card" content="summary_large_image" />
<meta name="twitter:label1" content="Durée de lecture estimée" />
	<meta name="twitter:data1" content="1 minute" />
<script type="application/ld+json" class="yoast-schema-graph">{"@context":"https:\/\/schema.org","@graph":[{"@type":"WebPage","@id":"https:\/\/emoble.es\/fr\/lliria\/","url":"https:\/\/emoble.es\/fr\/lliria\/","name":"Llíria - Emoble","isPartOf":{"@id":"https:\/\/emoble.es\/fr\/#website"},"primaryImageOfPage":{"@id":"https:\/\/emoble.es\/fr\/lliria\/#primaryimage"},"image":{"@id":"https:\/\/emoble.es\/fr\/lliria\/#primaryimage"},"thumbnailUrl":"https:\/\/emoble.es\/wp-content\/uploads\/2022\/04\/PRODUCTO-35-FOTO-1-Cubreradiador-Lliria-Emoble.png","datePublished":"2022-04-05T05:21:22+00:00","breadcrumb":{"@id":"https:\/\/emoble.es\/fr\/lliria\/#breadcrumb"},"inLanguage":"fr-FR","potentialAction":[{"@type":"ReadAction","target":["https:\/\/emoble.es\/fr\/lliria\/"]}]},{"@type":"ImageObject","inLanguage":"fr-FR","@id":"https:\/\/emoble.es\/fr\/lliria\/#primaryimage","url":"https:\/\/emoble.es\/wp-content\/uploads\/2022\/04\/PRODUCTO-35-FOTO-1-Cubreradiador-Lliria-Emoble.png","contentUrl":"https:\/\/emoble.es\/wp-content\/uploads\/2022\/04\/PRODUCTO-35-FOTO-1-Cubreradiador-Lliria-Emoble.png","width":1344,"height":1009},{"@type":"BreadcrumbList","@id":"https:\/\/emoble.es\/fr\/lliria\/#breadcrumb","itemListElement":[{"@type":"ListItem","position":1,"name":"Portada","item":"https:\/\/emoble.es\/fr\/couvertures-de-radiateur-personnalisees-en-ligne-emoble-es\/"},{"@type":"ListItem","position":2,"name":"Cubreradiadores","item":"https:\/\/emoble.es\/fr\/cubreradiadores\/"},{"@type":"ListItem","position":3,"name":"Llíria"}]},{"@type":"WebSite","@id":"https:\/\/emoble.es\/fr\/#website","url":"https:\/\/emoble.es\/fr\/","name":"Emoble","description":"Cubreradiadores a medida online - Emoble.es","publisher":{"@id":"https:\/\/emoble.es\/fr\/#organization"},"potentialAction":[{"@type":"SearchAction","target":{"@type":"EntryPoint","urlTemplate":"https:\/\/emoble.es\/fr\/?s={search_term_string}"},"query-input":{"@type":"PropertyValueSpecification","valueRequired":true,"valueName":"search_term_string"}}],"inLanguage":"fr-FR"},{"@type":"Organization","@id":"https:\/\/emoble.es\/fr\/#organization","name":"Emoble","url":"https:\/\/emoble.es\/fr\/","logo":{"@type":"ImageObject","inLanguage":"fr-FR","@id":"https:\/\/emoble.es\/fr\/#\/schema\/logo\/image\/","url":"https:\/\/emoble.es\/wp-content\/uploads\/2022\/03\/emoble_logo_positivo.svg","contentUrl":"https:\/\/emoble.es\/wp-content\/uploads\/2022\/03\/emoble_logo_positivo.svg","width":486,"height":186,"caption":"Emoble"},"image":{"@id":"https:\/\/emoble.es\/fr\/#\/schema\/logo\/image\/"}}]}</script>
<!-- / Yoast SEO plugin. -->

Llíria - Emoble

Le cache-radiateur Lliria apparaît classique ou moderne, selon la finition choisie par le client. Pour cette raison, il est idéal pour les pièces où la décoration se configure petit à petit au fil du temps, car c&rsquo;est un meuble qui va au-delà des modes et des tendances. Ce cache-radiateur classique est fabriqué individuellement par des [&hellip;]
