{"id":9172,"date":"2022-04-19T12:24:06","date_gmt":"2022-04-19T10:24:06","guid":{"rendered":"https:\/\/emoble.es\/cubreradiadores\/lucern-geisa\/"},"modified":"2022-04-19T12:24:06","modified_gmt":"2022-04-19T10:24:06","slug":"lucern-geisa","status":"publish","type":"cubreradiadores","link":"https:\/\/emoble.es\/fr\/lucern-geisa\/","title":{"rendered":"Lucern Geisa"},"content":{"rendered":"<p>Le cache-radiateur Lucern Geisa combine parfaitement le style raffin\u00e9 du Lucern original, avec la beaut\u00e9 d&rsquo;une image imprim\u00e9e ind\u00e9l\u00e9bile (ce n&rsquo;est pas un autocollant) qui donne une touche d&rsquo;originalit\u00e9 \u00e0 l&rsquo;espace o\u00f9 il se trouve.<\/p>\n<p>Ce cache-radiateur est fabriqu\u00e9 par des \u00e9b\u00e9nistes experts en MDF haute densit\u00e9, un mat\u00e9riau adapt\u00e9 pour r\u00e9sister aux changements de temp\u00e9rature. Nous pouvons le laquer dans n&rsquo;importe laquelle des 210 couleurs de la gamme RAL.<\/p>\n<p>Ce cache-radiateur peut \u00eatre r\u00e9alis\u00e9 sur mesure apr\u00e8s \u00e9valuation par notre \u00e9quipe technique. Selon les mesures et la finition, le prix variera.<\/p>\n<p>Tous nos meubles sont fabriqu\u00e9s une fois la finition choisie, nous n&rsquo;avons pas de stock. Nous fabriquons chaque meuble individuellement sur commande et tous les mat\u00e9riaux que nous utilisons sont acquis et transform\u00e9s en Espagne. Notre d\u00e9lai de livraison est de 40 jours ouvrables.<\/p>\n","protected":false},"featured_media":8786,"template":"","meta":{"inline_featured_image":false,"ngg_post_thumbnail":0},"categorias":[58],"class_list":["post-9172","cubreradiadores","type-cubreradiadores","status-publish","has-post-thumbnail","hentry","categorias-cubreradiadores-originales-fr"],"yoast_head":"<!-- This site is optimized with the Yoast SEO plugin v27.4 - https:\/\/yoast.com\/product\/yoast-seo-wordpress\/ -->\n<title>Lucern Geisa - Emoble<\/title>\n<meta name=\"robots\" content=\"index, follow, max-snippet:-1, max-image-preview:large, max-video-preview:-1\" \/>\n<link rel=\"canonical\" href=\"https:\/\/emoble.es\/fr\/lucern-geisa\/\" \/>\n<meta property=\"og:locale\" content=\"fr_FR\" \/>\n<meta property=\"og:type\" content=\"article\" \/>\n<meta property=\"og:title\" content=\"Lucern Geisa - Emoble\" \/>\n<meta property=\"og:description\" content=\"Le cache-radiateur Lucern Geisa combine parfaitement le style raffin\u00e9 du Lucern original, avec la beaut\u00e9 d&rsquo;une image imprim\u00e9e ind\u00e9l\u00e9bile (ce n&rsquo;est pas un autocollant) qui donne une touche d&rsquo;originalit\u00e9 \u00e0 l&rsquo;espace o\u00f9 il se trouve. Ce cache-radiateur est fabriqu\u00e9 par des \u00e9b\u00e9nistes experts en MDF haute densit\u00e9, un mat\u00e9riau adapt\u00e9 pour r\u00e9sister aux changements de [&hellip;]\" \/>\n<meta property=\"og:url\" content=\"https:\/\/emoble.es\/fr\/lucern-geisa\/\" \/>\n<meta property=\"og:site_name\" content=\"Emoble\" \/>\n<meta name=\"twitter:card\" content=\"summary_large_image\" \/>\n<meta name=\"twitter:label1\" content=\"Dur\u00e9e de lecture estim\u00e9e\" \/>\n\t<meta name=\"twitter:data1\" content=\"1 minute\" \/>\n<script type=\"application\/ld+json\" class=\"yoast-schema-graph\">{\"@context\":\"https:\\\/\\\/schema.org\",\"@graph\":[{\"@type\":\"WebPage\",\"@id\":\"https:\\\/\\\/emoble.es\\\/fr\\\/lucern-geisa\\\/\",\"url\":\"https:\\\/\\\/emoble.es\\\/fr\\\/lucern-geisa\\\/\",\"name\":\"Lucern Geisa - Emoble\",\"isPartOf\":{\"@id\":\"https:\\\/\\\/emoble.es\\\/fr\\\/#website\"},\"primaryImageOfPage\":{\"@id\":\"https:\\\/\\\/emoble.es\\\/fr\\\/lucern-geisa\\\/#primaryimage\"},\"image\":{\"@id\":\"https:\\\/\\\/emoble.es\\\/fr\\\/lucern-geisa\\\/#primaryimage\"},\"thumbnailUrl\":\"https:\\\/\\\/emoble.es\\\/wp-content\\\/uploads\\\/2022\\\/04\\\/Cubreradiador-Lucern-Geisa-Emoble-1.jpg\",\"datePublished\":\"2022-04-19T10:24:06+00:00\",\"breadcrumb\":{\"@id\":\"https:\\\/\\\/emoble.es\\\/fr\\\/lucern-geisa\\\/#breadcrumb\"},\"inLanguage\":\"fr-FR\",\"potentialAction\":[{\"@type\":\"ReadAction\",\"target\":[\"https:\\\/\\\/emoble.es\\\/fr\\\/lucern-geisa\\\/\"]}]},{\"@type\":\"ImageObject\",\"inLanguage\":\"fr-FR\",\"@id\":\"https:\\\/\\\/emoble.es\\\/fr\\\/lucern-geisa\\\/#primaryimage\",\"url\":\"https:\\\/\\\/emoble.es\\\/wp-content\\\/uploads\\\/2022\\\/04\\\/Cubreradiador-Lucern-Geisa-Emoble-1.jpg\",\"contentUrl\":\"https:\\\/\\\/emoble.es\\\/wp-content\\\/uploads\\\/2022\\\/04\\\/Cubreradiador-Lucern-Geisa-Emoble-1.jpg\",\"width\":941,\"height\":1048},{\"@type\":\"BreadcrumbList\",\"@id\":\"https:\\\/\\\/emoble.es\\\/fr\\\/lucern-geisa\\\/#breadcrumb\",\"itemListElement\":[{\"@type\":\"ListItem\",\"position\":1,\"name\":\"Portada\",\"item\":\"https:\\\/\\\/emoble.es\\\/fr\\\/couvertures-de-radiateur-personnalisees-en-ligne-emoble-es\\\/\"},{\"@type\":\"ListItem\",\"position\":2,\"name\":\"Cubreradiadores\",\"item\":\"https:\\\/\\\/emoble.es\\\/fr\\\/cubreradiadores\\\/\"},{\"@type\":\"ListItem\",\"position\":3,\"name\":\"Lucern Geisa\"}]},{\"@type\":\"WebSite\",\"@id\":\"https:\\\/\\\/emoble.es\\\/fr\\\/#website\",\"url\":\"https:\\\/\\\/emoble.es\\\/fr\\\/\",\"name\":\"Emoble\",\"description\":\"Cubreradiadores a medida online - Emoble.es\",\"publisher\":{\"@id\":\"https:\\\/\\\/emoble.es\\\/fr\\\/#organization\"},\"potentialAction\":[{\"@type\":\"SearchAction\",\"target\":{\"@type\":\"EntryPoint\",\"urlTemplate\":\"https:\\\/\\\/emoble.es\\\/fr\\\/?s={search_term_string}\"},\"query-input\":{\"@type\":\"PropertyValueSpecification\",\"valueRequired\":true,\"valueName\":\"search_term_string\"}}],\"inLanguage\":\"fr-FR\"},{\"@type\":\"Organization\",\"@id\":\"https:\\\/\\\/emoble.es\\\/fr\\\/#organization\",\"name\":\"Emoble\",\"url\":\"https:\\\/\\\/emoble.es\\\/fr\\\/\",\"logo\":{\"@type\":\"ImageObject\",\"inLanguage\":\"fr-FR\",\"@id\":\"https:\\\/\\\/emoble.es\\\/fr\\\/#\\\/schema\\\/logo\\\/image\\\/\",\"url\":\"https:\\\/\\\/emoble.es\\\/wp-content\\\/uploads\\\/2022\\\/03\\\/emoble_logo_positivo.svg\",\"contentUrl\":\"https:\\\/\\\/emoble.es\\\/wp-content\\\/uploads\\\/2022\\\/03\\\/emoble_logo_positivo.svg\",\"width\":486,\"height\":186,\"caption\":\"Emoble\"},\"image\":{\"@id\":\"https:\\\/\\\/emoble.es\\\/fr\\\/#\\\/schema\\\/logo\\\/image\\\/\"}}]}<\/script>\n<!-- \/ Yoast SEO plugin. -->","yoast_head_json":{"title":"Lucern Geisa - Emoble","robots":{"index":"index","follow":"follow","max-snippet":"max-snippet:-1","max-image-preview":"max-image-preview:large","max-video-preview":"max-video-preview:-1"},"canonical":"https:\/\/emoble.es\/fr\/lucern-geisa\/","og_locale":"fr_FR","og_type":"article","og_title":"Lucern Geisa - Emoble","og_description":"Le cache-radiateur Lucern Geisa combine parfaitement le style raffin\u00e9 du Lucern original, avec la beaut\u00e9 d&rsquo;une image imprim\u00e9e ind\u00e9l\u00e9bile (ce n&rsquo;est pas un autocollant) qui donne une touche d&rsquo;originalit\u00e9 \u00e0 l&rsquo;espace o\u00f9 il se trouve. Ce cache-radiateur est fabriqu\u00e9 par des \u00e9b\u00e9nistes experts en MDF haute densit\u00e9, un mat\u00e9riau adapt\u00e9 pour r\u00e9sister aux changements de [&hellip;]","og_url":"https:\/\/emoble.es\/fr\/lucern-geisa\/","og_site_name":"Emoble","twitter_card":"summary_large_image","twitter_misc":{"Dur\u00e9e de lecture estim\u00e9e":"1 minute"},"schema":{"@context":"https:\/\/schema.org","@graph":[{"@type":"WebPage","@id":"https:\/\/emoble.es\/fr\/lucern-geisa\/","url":"https:\/\/emoble.es\/fr\/lucern-geisa\/","name":"Lucern Geisa - Emoble","isPartOf":{"@id":"https:\/\/emoble.es\/fr\/#website"},"primaryImageOfPage":{"@id":"https:\/\/emoble.es\/fr\/lucern-geisa\/#primaryimage"},"image":{"@id":"https:\/\/emoble.es\/fr\/lucern-geisa\/#primaryimage"},"thumbnailUrl":"https:\/\/emoble.es\/wp-content\/uploads\/2022\/04\/Cubreradiador-Lucern-Geisa-Emoble-1.jpg","datePublished":"2022-04-19T10:24:06+00:00","breadcrumb":{"@id":"https:\/\/emoble.es\/fr\/lucern-geisa\/#breadcrumb"},"inLanguage":"fr-FR","potentialAction":[{"@type":"ReadAction","target":["https:\/\/emoble.es\/fr\/lucern-geisa\/"]}]},{"@type":"ImageObject","inLanguage":"fr-FR","@id":"https:\/\/emoble.es\/fr\/lucern-geisa\/#primaryimage","url":"https:\/\/emoble.es\/wp-content\/uploads\/2022\/04\/Cubreradiador-Lucern-Geisa-Emoble-1.jpg","contentUrl":"https:\/\/emoble.es\/wp-content\/uploads\/2022\/04\/Cubreradiador-Lucern-Geisa-Emoble-1.jpg","width":941,"height":1048},{"@type":"BreadcrumbList","@id":"https:\/\/emoble.es\/fr\/lucern-geisa\/#breadcrumb","itemListElement":[{"@type":"ListItem","position":1,"name":"Portada","item":"https:\/\/emoble.es\/fr\/couvertures-de-radiateur-personnalisees-en-ligne-emoble-es\/"},{"@type":"ListItem","position":2,"name":"Cubreradiadores","item":"https:\/\/emoble.es\/fr\/cubreradiadores\/"},{"@type":"ListItem","position":3,"name":"Lucern Geisa"}]},{"@type":"WebSite","@id":"https:\/\/emoble.es\/fr\/#website","url":"https:\/\/emoble.es\/fr\/","name":"Emoble","description":"Cubreradiadores a medida online - Emoble.es","publisher":{"@id":"https:\/\/emoble.es\/fr\/#organization"},"potentialAction":[{"@type":"SearchAction","target":{"@type":"EntryPoint","urlTemplate":"https:\/\/emoble.es\/fr\/?s={search_term_string}"},"query-input":{"@type":"PropertyValueSpecification","valueRequired":true,"valueName":"search_term_string"}}],"inLanguage":"fr-FR"},{"@type":"Organization","@id":"https:\/\/emoble.es\/fr\/#organization","name":"Emoble","url":"https:\/\/emoble.es\/fr\/","logo":{"@type":"ImageObject","inLanguage":"fr-FR","@id":"https:\/\/emoble.es\/fr\/#\/schema\/logo\/image\/","url":"https:\/\/emoble.es\/wp-content\/uploads\/2022\/03\/emoble_logo_positivo.svg","contentUrl":"https:\/\/emoble.es\/wp-content\/uploads\/2022\/03\/emoble_logo_positivo.svg","width":486,"height":186,"caption":"Emoble"},"image":{"@id":"https:\/\/emoble.es\/fr\/#\/schema\/logo\/image\/"}}]}},"acf":[],"_links":{"self":[{"href":"https:\/\/emoble.es\/fr\/wp-json\/wp\/v2\/cubreradiadores\/9172","targetHints":{"allow":["GET"]}}],"collection":[{"href":"https:\/\/emoble.es\/fr\/wp-json\/wp\/v2\/cubreradiadores"}],"about":[{"href":"https:\/\/emoble.es\/fr\/wp-json\/wp\/v2\/types\/cubreradiadores"}],"version-history":[{"count":0,"href":"https:\/\/emoble.es\/fr\/wp-json\/wp\/v2\/cubreradiadores\/9172\/revisions"}],"wp:featuredmedia":[{"embeddable":true,"href":"https:\/\/emoble.es\/fr\/wp-json\/wp\/v2\/media\/8786"}],"wp:attachment":[{"href":"https:\/\/emoble.es\/fr\/wp-json\/wp\/v2\/media?parent=9172"}],"wp:term":[{"taxonomy":"categorias","embeddable":true,"href":"https:\/\/emoble.es\/fr\/wp-json\/wp\/v2\/categorias?post=9172"}],"curies":[{"name":"wp","href":"https:\/\/api.w.org\/{rel}","templated":true}]}}

<p>Le cache-radiateur Lucern Geisa combine parfaitement le style raffiné du Lucern original, avec la beauté d&rsquo;une image imprimée indélébile (ce n&rsquo;est pas un autocollant) qui donne une touche d&rsquo;originalité à l&rsquo;espace où il se trouve.</p>
<p>Ce cache-radiateur est fabriqué par des ébénistes experts en MDF haute densité, un matériau adapté pour résister aux changements de température. Nous pouvons le laquer dans n&rsquo;importe laquelle des 210 couleurs de la gamme RAL.</p>
<p>Ce cache-radiateur peut être réalisé sur mesure après évaluation par notre équipe technique. Selon les mesures et la finition, le prix variera.</p>
<p>Tous nos meubles sont fabriqués une fois la finition choisie, nous n&rsquo;avons pas de stock. Nous fabriquons chaque meuble individuellement sur commande et tous les matériaux que nous utilisons sont acquis et transformés en Espagne. Notre délai de livraison est de 40 jours ouvrables.</p>

<!-- This site is optimized with the Yoast SEO plugin v27.4 - https://yoast.com/product/yoast-seo-wordpress/ -->
<title>Lucern Geisa - Emoble</title>
<meta name="robots" content="index, follow, max-snippet:-1, max-image-preview:large, max-video-preview:-1" />
<link rel="canonical" href="https://emoble.es/fr/lucern-geisa/" />
<meta property="og:locale" content="fr_FR" />
<meta property="og:type" content="article" />
<meta property="og:title" content="Lucern Geisa - Emoble" />
<meta property="og:description" content="Le cache-radiateur Lucern Geisa combine parfaitement le style raffiné du Lucern original, avec la beauté d&rsquo;une image imprimée indélébile (ce n&rsquo;est pas un autocollant) qui donne une touche d&rsquo;originalité à l&rsquo;espace où il se trouve. Ce cache-radiateur est fabriqué par des ébénistes experts en MDF haute densité, un matériau adapté pour résister aux changements de [&hellip;]" />
<meta property="og:url" content="https://emoble.es/fr/lucern-geisa/" />
<meta property="og:site_name" content="Emoble" />
<meta name="twitter:card" content="summary_large_image" />
<meta name="twitter:label1" content="Durée de lecture estimée" />
	<meta name="twitter:data1" content="1 minute" />
<script type="application/ld+json" class="yoast-schema-graph">{"@context":"https:\/\/schema.org","@graph":[{"@type":"WebPage","@id":"https:\/\/emoble.es\/fr\/lucern-geisa\/","url":"https:\/\/emoble.es\/fr\/lucern-geisa\/","name":"Lucern Geisa - Emoble","isPartOf":{"@id":"https:\/\/emoble.es\/fr\/#website"},"primaryImageOfPage":{"@id":"https:\/\/emoble.es\/fr\/lucern-geisa\/#primaryimage"},"image":{"@id":"https:\/\/emoble.es\/fr\/lucern-geisa\/#primaryimage"},"thumbnailUrl":"https:\/\/emoble.es\/wp-content\/uploads\/2022\/04\/Cubreradiador-Lucern-Geisa-Emoble-1.jpg","datePublished":"2022-04-19T10:24:06+00:00","breadcrumb":{"@id":"https:\/\/emoble.es\/fr\/lucern-geisa\/#breadcrumb"},"inLanguage":"fr-FR","potentialAction":[{"@type":"ReadAction","target":["https:\/\/emoble.es\/fr\/lucern-geisa\/"]}]},{"@type":"ImageObject","inLanguage":"fr-FR","@id":"https:\/\/emoble.es\/fr\/lucern-geisa\/#primaryimage","url":"https:\/\/emoble.es\/wp-content\/uploads\/2022\/04\/Cubreradiador-Lucern-Geisa-Emoble-1.jpg","contentUrl":"https:\/\/emoble.es\/wp-content\/uploads\/2022\/04\/Cubreradiador-Lucern-Geisa-Emoble-1.jpg","width":941,"height":1048},{"@type":"BreadcrumbList","@id":"https:\/\/emoble.es\/fr\/lucern-geisa\/#breadcrumb","itemListElement":[{"@type":"ListItem","position":1,"name":"Portada","item":"https:\/\/emoble.es\/fr\/couvertures-de-radiateur-personnalisees-en-ligne-emoble-es\/"},{"@type":"ListItem","position":2,"name":"Cubreradiadores","item":"https:\/\/emoble.es\/fr\/cubreradiadores\/"},{"@type":"ListItem","position":3,"name":"Lucern Geisa"}]},{"@type":"WebSite","@id":"https:\/\/emoble.es\/fr\/#website","url":"https:\/\/emoble.es\/fr\/","name":"Emoble","description":"Cubreradiadores a medida online - Emoble.es","publisher":{"@id":"https:\/\/emoble.es\/fr\/#organization"},"potentialAction":[{"@type":"SearchAction","target":{"@type":"EntryPoint","urlTemplate":"https:\/\/emoble.es\/fr\/?s={search_term_string}"},"query-input":{"@type":"PropertyValueSpecification","valueRequired":true,"valueName":"search_term_string"}}],"inLanguage":"fr-FR"},{"@type":"Organization","@id":"https:\/\/emoble.es\/fr\/#organization","name":"Emoble","url":"https:\/\/emoble.es\/fr\/","logo":{"@type":"ImageObject","inLanguage":"fr-FR","@id":"https:\/\/emoble.es\/fr\/#\/schema\/logo\/image\/","url":"https:\/\/emoble.es\/wp-content\/uploads\/2022\/03\/emoble_logo_positivo.svg","contentUrl":"https:\/\/emoble.es\/wp-content\/uploads\/2022\/03\/emoble_logo_positivo.svg","width":486,"height":186,"caption":"Emoble"},"image":{"@id":"https:\/\/emoble.es\/fr\/#\/schema\/logo\/image\/"}}]}</script>
<!-- / Yoast SEO plugin. -->

Le cache-radiateur Lucern Geisa combine parfaitement le style raffiné du Lucern original, avec la beauté d&rsquo;une image imprimée indélébile (ce n&rsquo;est pas un autocollant) qui donne une touche d&rsquo;originalité à l&rsquo;espace où il se trouve. Ce cache-radiateur est fabriqué par des ébénistes experts en MDF haute densité, un matériau adapté pour résister aux changements de [&hellip;]
